{"id":2220,"date":"2023-06-22T14:30:12","date_gmt":"2023-06-22T14:30:12","guid":{"rendered":"https:\/\/thesweetshop.ma\/?post_type=product&#038;p=2220"},"modified":"2026-02-17T01:56:05","modified_gmt":"2026-02-17T01:56:05","slug":"hugo-boss-boss-bottled-oud-eau-de-parfum-100-ml","status":"publish","type":"product","link":"https:\/\/thesweetshop.ma\/?product=hugo-boss-boss-bottled-oud-eau-de-parfum-100-ml","title":{"rendered":"HUGO BOSS &#8211; BOSS BOTTLED OUD Eau de Parfum 100 ML"},"content":{"rendered":"<p>Parfum raffin\u00e9 by HUGO BOSS, Boss Bottled Oud<br \/>\nSortie en 2015, BOSS BOTTLED Oud Eau de Parfum fait \u00e9cho \u00e0 sa grande s\u0153ur l&rsquo;Eau de Toilette BOSS BOTTLED, cr\u00e9\u00e9e par la maison Hugo Boss en 1998. Le Parfum masculin BOSS BOTTLED Oud, une \u00e9dition limit\u00e9e dont on aimerait qu&rsquo;elle dure toujours, reprend certaines notes olfactives pr\u00e9gnantes de BOSS BOTTLED Eau de Toilette dont la Pomme, la Cannelle et le Bois de Santal, soit les composantes qui insufflaient d\u00e9j\u00e0 \u00e0 BOSS BOTTLED son caract\u00e8re si chaleureux. Hugo Boss, \u00e0 qui l&rsquo;on doit de grandes cr\u00e9ations appartenant \u00e0 l\u2019univers de la Parfumerie de Luxe, a r\u00e9ussi le tour de force de conserver l&rsquo;\u00e2me de son Parfum embl\u00e9matique, en l&rsquo;\u00e9paississant d&rsquo;un Oud raffin\u00e9 qui vient d\u00e9licatement rehausser l&rsquo;essence d&rsquo;origine, sans la travestir.<\/p>\n","protected":false},"excerpt":{"rendered":"<p>Parfum raffin\u00e9 by HUGO BOSS, Boss Bottled Oud Sortie en 2015, BOSS BOTTLED Oud Eau de Parfum fait \u00e9cho \u00e0 sa grande s\u0153ur l&rsquo;Eau de&#8230;<\/p>\n","protected":false},"featured_media":2264,"comment_status":"open","ping_status":"closed","template":"","meta":{"_joinchat":[]},"etheme_brands":[],"product_brand":[],"product_cat":[111,101,112,113,114],"product_tag":[],"class_list":{"0":"post-2220","1":"product","2":"type-product","3":"status-publish","4":"has-post-thumbnail","6":"product_cat-boss","7":"product_cat-les-marques","8":"product_cat-parfum","9":"product_cat-parfum-pour-homme","10":"product_cat-royaume-uni","12":"first","13":"outofstock","14":"sale","15":"shipping-taxable","16":"purchasable","17":"product-type-simple"},"yoast_head":"<!-- This site is optimized with the Yoast SEO plugin v27.4 - https:\/\/yoast.com\/product\/yoast-seo-wordpress\/ -->\n<title>HUGO BOSS - BOSS BOTTLED OUD Eau de Parfum 100 ML -Maroc- The Sweet Shop<\/title>\n<meta name=\"robots\" content=\"index, follow, max-snippet:-1, max-image-preview:large, max-video-preview:-1\" \/>\n<link rel=\"canonical\" href=\"https:\/\/thesweetshop.ma\/?product=hugo-boss-boss-bottled-oud-eau-de-parfum-100-ml\" \/>\n<meta property=\"og:locale\" content=\"fr_FR\" \/>\n<meta property=\"og:type\" content=\"article\" \/>\n<meta property=\"og:title\" content=\"HUGO BOSS - BOSS BOTTLED OUD Eau de Parfum 100 ML -Maroc- The Sweet Shop\" \/>\n<meta property=\"og:description\" content=\"Parfum raffin\u00e9 by HUGO BOSS, Boss Bottled Oud Sortie en 2015, BOSS BOTTLED Oud Eau de Parfum fait \u00e9cho \u00e0 sa grande s\u0153ur l&rsquo;Eau de...\" \/>\n<meta property=\"og:url\" content=\"https:\/\/thesweetshop.ma\/?product=hugo-boss-boss-bottled-oud-eau-de-parfum-100-ml\" \/>\n<meta property=\"og:site_name\" content=\"The Sweet Shop\" \/>\n<meta property=\"article:modified_time\" content=\"2026-02-17T01:56:05+00:00\" \/>\n<meta property=\"og:image\" content=\"https:\/\/thesweetshop.ma\/wp-content\/uploads\/2023\/06\/boss-oud.jpeg\" \/>\n\t<meta property=\"og:image:width\" content=\"700\" \/>\n\t<meta property=\"og:image:height\" content=\"700\" \/>\n\t<meta property=\"og:image:type\" content=\"image\/jpeg\" \/>\n<meta name=\"twitter:card\" content=\"summary_large_image\" \/>\n<meta name=\"twitter:label1\" content=\"Dur\u00e9e de lecture estim\u00e9e\" \/>\n\t<meta name=\"twitter:data1\" content=\"1 minute\" \/>\n<script type=\"application\/ld+json\" class=\"yoast-schema-graph\">{\"@context\":\"https:\\\/\\\/schema.org\",\"@graph\":[{\"@type\":\"WebPage\",\"@id\":\"https:\\\/\\\/thesweetshop.ma\\\/?product=hugo-boss-boss-bottled-oud-eau-de-parfum-100-ml\",\"url\":\"https:\\\/\\\/thesweetshop.ma\\\/?product=hugo-boss-boss-bottled-oud-eau-de-parfum-100-ml\",\"name\":\"HUGO BOSS - BOSS BOTTLED OUD Eau de Parfum 100 ML -Maroc- The Sweet Shop\",\"isPartOf\":{\"@id\":\"https:\\\/\\\/thesweetshop.ma\\\/#website\"},\"primaryImageOfPage\":{\"@id\":\"https:\\\/\\\/thesweetshop.ma\\\/?product=hugo-boss-boss-bottled-oud-eau-de-parfum-100-ml#primaryimage\"},\"image\":{\"@id\":\"https:\\\/\\\/thesweetshop.ma\\\/?product=hugo-boss-boss-bottled-oud-eau-de-parfum-100-ml#primaryimage\"},\"thumbnailUrl\":\"https:\\\/\\\/thesweetshop.ma\\\/wp-content\\\/uploads\\\/2023\\\/06\\\/boss-oud.jpeg\",\"datePublished\":\"2023-06-22T14:30:12+00:00\",\"dateModified\":\"2026-02-17T01:56:05+00:00\",\"breadcrumb\":{\"@id\":\"https:\\\/\\\/thesweetshop.ma\\\/?product=hugo-boss-boss-bottled-oud-eau-de-parfum-100-ml#breadcrumb\"},\"inLanguage\":\"fr-FR\",\"potentialAction\":[{\"@type\":\"ReadAction\",\"target\":[\"https:\\\/\\\/thesweetshop.ma\\\/?product=hugo-boss-boss-bottled-oud-eau-de-parfum-100-ml\"]}]},{\"@type\":\"ImageObject\",\"inLanguage\":\"fr-FR\",\"@id\":\"https:\\\/\\\/thesweetshop.ma\\\/?product=hugo-boss-boss-bottled-oud-eau-de-parfum-100-ml#primaryimage\",\"url\":\"https:\\\/\\\/thesweetshop.ma\\\/wp-content\\\/uploads\\\/2023\\\/06\\\/boss-oud.jpeg\",\"contentUrl\":\"https:\\\/\\\/thesweetshop.ma\\\/wp-content\\\/uploads\\\/2023\\\/06\\\/boss-oud.jpeg\",\"width\":700,\"height\":700},{\"@type\":\"BreadcrumbList\",\"@id\":\"https:\\\/\\\/thesweetshop.ma\\\/?product=hugo-boss-boss-bottled-oud-eau-de-parfum-100-ml#breadcrumb\",\"itemListElement\":[{\"@type\":\"ListItem\",\"position\":1,\"name\":\"Home\",\"item\":\"https:\\\/\\\/thesweetshop.ma\\\/\"},{\"@type\":\"ListItem\",\"position\":2,\"name\":\"Shop\",\"item\":\"https:\\\/\\\/thesweetshop.ma\\\/?page_id=5\"},{\"@type\":\"ListItem\",\"position\":3,\"name\":\"HUGO BOSS &#8211; BOSS BOTTLED OUD Eau de Parfum 100 ML\"}]},{\"@type\":\"WebSite\",\"@id\":\"https:\\\/\\\/thesweetshop.ma\\\/#website\",\"url\":\"https:\\\/\\\/thesweetshop.ma\\\/\",\"name\":\"The Sweet Shop\",\"description\":\"1# Le premier site de maquillage au Maroc\",\"potentialAction\":[{\"@type\":\"SearchAction\",\"target\":{\"@type\":\"EntryPoint\",\"urlTemplate\":\"https:\\\/\\\/thesweetshop.ma\\\/?s={search_term_string}\"},\"query-input\":{\"@type\":\"PropertyValueSpecification\",\"valueRequired\":true,\"valueName\":\"search_term_string\"}}],\"inLanguage\":\"fr-FR\"}]}<\/script>\n<!-- \/ Yoast SEO plugin. -->","yoast_head_json":{"title":"HUGO BOSS - BOSS BOTTLED OUD Eau de Parfum 100 ML -Maroc- The Sweet Shop","robots":{"index":"index","follow":"follow","max-snippet":"max-snippet:-1","max-image-preview":"max-image-preview:large","max-video-preview":"max-video-preview:-1"},"canonical":"https:\/\/thesweetshop.ma\/?product=hugo-boss-boss-bottled-oud-eau-de-parfum-100-ml","og_locale":"fr_FR","og_type":"article","og_title":"HUGO BOSS - BOSS BOTTLED OUD Eau de Parfum 100 ML -Maroc- The Sweet Shop","og_description":"Parfum raffin\u00e9 by HUGO BOSS, Boss Bottled Oud Sortie en 2015, BOSS BOTTLED Oud Eau de Parfum fait \u00e9cho \u00e0 sa grande s\u0153ur l&rsquo;Eau de...","og_url":"https:\/\/thesweetshop.ma\/?product=hugo-boss-boss-bottled-oud-eau-de-parfum-100-ml","og_site_name":"The Sweet Shop","article_modified_time":"2026-02-17T01:56:05+00:00","og_image":[{"width":700,"height":700,"url":"https:\/\/thesweetshop.ma\/wp-content\/uploads\/2023\/06\/boss-oud.jpeg","type":"image\/jpeg"}],"twitter_card":"summary_large_image","twitter_misc":{"Dur\u00e9e de lecture estim\u00e9e":"1 minute"},"schema":{"@context":"https:\/\/schema.org","@graph":[{"@type":"WebPage","@id":"https:\/\/thesweetshop.ma\/?product=hugo-boss-boss-bottled-oud-eau-de-parfum-100-ml","url":"https:\/\/thesweetshop.ma\/?product=hugo-boss-boss-bottled-oud-eau-de-parfum-100-ml","name":"HUGO BOSS - BOSS BOTTLED OUD Eau de Parfum 100 ML -Maroc- The Sweet Shop","isPartOf":{"@id":"https:\/\/thesweetshop.ma\/#website"},"primaryImageOfPage":{"@id":"https:\/\/thesweetshop.ma\/?product=hugo-boss-boss-bottled-oud-eau-de-parfum-100-ml#primaryimage"},"image":{"@id":"https:\/\/thesweetshop.ma\/?product=hugo-boss-boss-bottled-oud-eau-de-parfum-100-ml#primaryimage"},"thumbnailUrl":"https:\/\/thesweetshop.ma\/wp-content\/uploads\/2023\/06\/boss-oud.jpeg","datePublished":"2023-06-22T14:30:12+00:00","dateModified":"2026-02-17T01:56:05+00:00","breadcrumb":{"@id":"https:\/\/thesweetshop.ma\/?product=hugo-boss-boss-bottled-oud-eau-de-parfum-100-ml#breadcrumb"},"inLanguage":"fr-FR","potentialAction":[{"@type":"ReadAction","target":["https:\/\/thesweetshop.ma\/?product=hugo-boss-boss-bottled-oud-eau-de-parfum-100-ml"]}]},{"@type":"ImageObject","inLanguage":"fr-FR","@id":"https:\/\/thesweetshop.ma\/?product=hugo-boss-boss-bottled-oud-eau-de-parfum-100-ml#primaryimage","url":"https:\/\/thesweetshop.ma\/wp-content\/uploads\/2023\/06\/boss-oud.jpeg","contentUrl":"https:\/\/thesweetshop.ma\/wp-content\/uploads\/2023\/06\/boss-oud.jpeg","width":700,"height":700},{"@type":"BreadcrumbList","@id":"https:\/\/thesweetshop.ma\/?product=hugo-boss-boss-bottled-oud-eau-de-parfum-100-ml#breadcrumb","itemListElement":[{"@type":"ListItem","position":1,"name":"Home","item":"https:\/\/thesweetshop.ma\/"},{"@type":"ListItem","position":2,"name":"Shop","item":"https:\/\/thesweetshop.ma\/?page_id=5"},{"@type":"ListItem","position":3,"name":"HUGO BOSS &#8211; BOSS BOTTLED OUD Eau de Parfum 100 ML"}]},{"@type":"WebSite","@id":"https:\/\/thesweetshop.ma\/#website","url":"https:\/\/thesweetshop.ma\/","name":"The Sweet Shop","description":"1# Le premier site de maquillage au Maroc","potentialAction":[{"@type":"SearchAction","target":{"@type":"EntryPoint","urlTemplate":"https:\/\/thesweetshop.ma\/?s={search_term_string}"},"query-input":{"@type":"PropertyValueSpecification","valueRequired":true,"valueName":"search_term_string"}}],"inLanguage":"fr-FR"}]}},"jetpack_sharing_enabled":true,"_links":{"self":[{"href":"https:\/\/thesweetshop.ma\/index.php?rest_route=\/wp\/v2\/product\/2220","targetHints":{"allow":["GET"]}}],"collection":[{"href":"https:\/\/thesweetshop.ma\/index.php?rest_route=\/wp\/v2\/product"}],"about":[{"href":"https:\/\/thesweetshop.ma\/index.php?rest_route=\/wp\/v2\/types\/product"}],"replies":[{"embeddable":true,"href":"https:\/\/thesweetshop.ma\/index.php?rest_route=%2Fwp%2Fv2%2Fcomments&post=2220"}],"version-history":[{"count":1,"href":"https:\/\/thesweetshop.ma\/index.php?rest_route=\/wp\/v2\/product\/2220\/revisions"}],"predecessor-version":[{"id":2265,"href":"https:\/\/thesweetshop.ma\/index.php?rest_route=\/wp\/v2\/product\/2220\/revisions\/2265"}],"wp:featuredmedia":[{"embeddable":true,"href":"https:\/\/thesweetshop.ma\/index.php?rest_route=\/wp\/v2\/media\/2264"}],"wp:attachment":[{"href":"https:\/\/thesweetshop.ma\/index.php?rest_route=%2Fwp%2Fv2%2Fmedia&parent=2220"}],"wp:term":[{"taxonomy":"brand","embeddable":true,"href":"https:\/\/thesweetshop.ma\/index.php?rest_route=%2Fwp%2Fv2%2Fetheme_brands&post=2220"},{"taxonomy":"product_brand","embeddable":true,"href":"https:\/\/thesweetshop.ma\/index.php?rest_route=%2Fwp%2Fv2%2Fproduct_brand&post=2220"},{"taxonomy":"product_cat","embeddable":true,"href":"https:\/\/thesweetshop.ma\/index.php?rest_route=%2Fwp%2Fv2%2Fproduct_cat&post=2220"},{"taxonomy":"product_tag","embeddable":true,"href":"https:\/\/thesweetshop.ma\/index.php?rest_route=%2Fwp%2Fv2%2Fproduct_tag&post=2220"}],"curies":[{"name":"wp","href":"https:\/\/api.w.org\/{rel}","templated":true}]}}