{"id":2224,"date":"2023-06-22T14:30:13","date_gmt":"2023-06-22T14:30:13","guid":{"rendered":"https:\/\/thesweetshop.ma\/?post_type=product&#038;p=2224"},"modified":"2026-02-17T02:02:30","modified_gmt":"2026-02-17T02:02:30","slug":"hugo-boss-boss-bottled-night-deodorant-stick-pour-homme","status":"publish","type":"product","link":"https:\/\/thesweetshop.ma\/?product=hugo-boss-boss-bottled-night-deodorant-stick-pour-homme","title":{"rendered":"Hugo Boss &#8211; BOSS Bottled Night d\u00e9odorant stick pour homme"},"content":{"rendered":"<p>Mariez vos parfums pour cr\u00e9er un ensemble parfaitement harmonieux. Le d\u00e9odorant Hugo Boss BOSS Bottled Night lib\u00e8re le m\u00eame ar\u00f4me que votre parfum en flacon et compose ainsi un ensemble parfait.<\/p>\n<p><strong>Le produit :<\/strong><\/p>\n<ul>\n<li>prot\u00e8ge contre les mauvaises odeurs<\/li>\n<li>offre une sensation de confort et de propret\u00e9 qui perdure<\/li>\n<li>favorise l\u2019intensit\u00e9 du parfum de la m\u00eame collection<\/li>\n<li>parfait en cadeau avec le parfum de la m\u00eame collection<\/li>\n<\/ul>\n<p><strong>Mode d\u2019emploi :<\/strong><br \/>\nAppliquez sur la peau propre et s\u00e8che des aisselles. R\u00e9p\u00e9tez \u00e0 tout moment de la journ\u00e9e.<\/p>\n","protected":false},"excerpt":{"rendered":"<p>Mariez vos parfums pour cr\u00e9er un ensemble parfaitement harmonieux. Le d\u00e9odorant Hugo Boss BOSS Bottled Night lib\u00e8re le m\u00eame ar\u00f4me que votre parfum en flacon&#8230;<\/p>\n","protected":false},"featured_media":2272,"comment_status":"open","ping_status":"closed","template":"","meta":{"_joinchat":[]},"etheme_brands":[],"product_brand":[],"product_cat":[111,115,100,113],"product_tag":[],"class_list":{"0":"post-2224","1":"product","2":"type-product","3":"status-publish","4":"has-post-thumbnail","6":"product_cat-boss","7":"product_cat-deodorant","8":"product_cat-italie","9":"product_cat-parfum-pour-homme","11":"first","12":"outofstock","13":"shipping-taxable","14":"purchasable","15":"product-type-simple"},"yoast_head":"<!-- This site is optimized with the Yoast SEO plugin v27.5 - https:\/\/yoast.com\/product\/yoast-seo-wordpress\/ -->\n<title>Hugo Boss - BOSS Bottled Night d\u00e9odorant stick pour homme -Maroc- The Sweet Shop<\/title>\n<meta name=\"robots\" content=\"index, follow, max-snippet:-1, max-image-preview:large, max-video-preview:-1\" \/>\n<link rel=\"canonical\" href=\"https:\/\/thesweetshop.ma\/?product=hugo-boss-boss-bottled-night-deodorant-stick-pour-homme\" \/>\n<meta property=\"og:locale\" content=\"fr_FR\" \/>\n<meta property=\"og:type\" content=\"article\" \/>\n<meta property=\"og:title\" content=\"Hugo Boss - BOSS Bottled Night d\u00e9odorant stick pour homme -Maroc- The Sweet Shop\" \/>\n<meta property=\"og:description\" content=\"Mariez vos parfums pour cr\u00e9er un ensemble parfaitement harmonieux. Le d\u00e9odorant Hugo Boss BOSS Bottled Night lib\u00e8re le m\u00eame ar\u00f4me que votre parfum en flacon...\" \/>\n<meta property=\"og:url\" content=\"https:\/\/thesweetshop.ma\/?product=hugo-boss-boss-bottled-night-deodorant-stick-pour-homme\" \/>\n<meta property=\"og:site_name\" content=\"The Sweet Shop\" \/>\n<meta property=\"article:modified_time\" content=\"2026-02-17T02:02:30+00:00\" \/>\n<meta property=\"og:image\" content=\"https:\/\/thesweetshop.ma\/wp-content\/uploads\/2023\/06\/hugo-boss-boss-bottled-night-deodorant-75ml.jpeg\" \/>\n\t<meta property=\"og:image:width\" content=\"800\" \/>\n\t<meta property=\"og:image:height\" content=\"800\" \/>\n\t<meta property=\"og:image:type\" content=\"image\/jpeg\" \/>\n<meta name=\"twitter:card\" content=\"summary_large_image\" \/>\n<meta name=\"twitter:label1\" content=\"Dur\u00e9e de lecture estim\u00e9e\" \/>\n\t<meta name=\"twitter:data1\" content=\"1 minute\" \/>\n<script type=\"application\/ld+json\" class=\"yoast-schema-graph\">{\"@context\":\"https:\\\/\\\/schema.org\",\"@graph\":[{\"@type\":\"WebPage\",\"@id\":\"https:\\\/\\\/thesweetshop.ma\\\/?product=hugo-boss-boss-bottled-night-deodorant-stick-pour-homme\",\"url\":\"https:\\\/\\\/thesweetshop.ma\\\/?product=hugo-boss-boss-bottled-night-deodorant-stick-pour-homme\",\"name\":\"Hugo Boss - BOSS Bottled Night d\u00e9odorant stick pour homme -Maroc- The Sweet Shop\",\"isPartOf\":{\"@id\":\"https:\\\/\\\/thesweetshop.ma\\\/#website\"},\"primaryImageOfPage\":{\"@id\":\"https:\\\/\\\/thesweetshop.ma\\\/?product=hugo-boss-boss-bottled-night-deodorant-stick-pour-homme#primaryimage\"},\"image\":{\"@id\":\"https:\\\/\\\/thesweetshop.ma\\\/?product=hugo-boss-boss-bottled-night-deodorant-stick-pour-homme#primaryimage\"},\"thumbnailUrl\":\"https:\\\/\\\/thesweetshop.ma\\\/wp-content\\\/uploads\\\/2023\\\/06\\\/hugo-boss-boss-bottled-night-deodorant-75ml.jpeg\",\"datePublished\":\"2023-06-22T14:30:13+00:00\",\"dateModified\":\"2026-02-17T02:02:30+00:00\",\"breadcrumb\":{\"@id\":\"https:\\\/\\\/thesweetshop.ma\\\/?product=hugo-boss-boss-bottled-night-deodorant-stick-pour-homme#breadcrumb\"},\"inLanguage\":\"fr-FR\",\"potentialAction\":[{\"@type\":\"ReadAction\",\"target\":[\"https:\\\/\\\/thesweetshop.ma\\\/?product=hugo-boss-boss-bottled-night-deodorant-stick-pour-homme\"]}]},{\"@type\":\"ImageObject\",\"inLanguage\":\"fr-FR\",\"@id\":\"https:\\\/\\\/thesweetshop.ma\\\/?product=hugo-boss-boss-bottled-night-deodorant-stick-pour-homme#primaryimage\",\"url\":\"https:\\\/\\\/thesweetshop.ma\\\/wp-content\\\/uploads\\\/2023\\\/06\\\/hugo-boss-boss-bottled-night-deodorant-75ml.jpeg\",\"contentUrl\":\"https:\\\/\\\/thesweetshop.ma\\\/wp-content\\\/uploads\\\/2023\\\/06\\\/hugo-boss-boss-bottled-night-deodorant-75ml.jpeg\",\"width\":800,\"height\":800},{\"@type\":\"BreadcrumbList\",\"@id\":\"https:\\\/\\\/thesweetshop.ma\\\/?product=hugo-boss-boss-bottled-night-deodorant-stick-pour-homme#breadcrumb\",\"itemListElement\":[{\"@type\":\"ListItem\",\"position\":1,\"name\":\"Home\",\"item\":\"https:\\\/\\\/thesweetshop.ma\\\/\"},{\"@type\":\"ListItem\",\"position\":2,\"name\":\"Shop\",\"item\":\"https:\\\/\\\/thesweetshop.ma\\\/?page_id=5\"},{\"@type\":\"ListItem\",\"position\":3,\"name\":\"Hugo Boss &#8211; BOSS Bottled Night d\u00e9odorant stick pour homme\"}]},{\"@type\":\"WebSite\",\"@id\":\"https:\\\/\\\/thesweetshop.ma\\\/#website\",\"url\":\"https:\\\/\\\/thesweetshop.ma\\\/\",\"name\":\"The Sweet Shop\",\"description\":\"1# Le premier site de maquillage au Maroc\",\"potentialAction\":[{\"@type\":\"SearchAction\",\"target\":{\"@type\":\"EntryPoint\",\"urlTemplate\":\"https:\\\/\\\/thesweetshop.ma\\\/?s={search_term_string}\"},\"query-input\":{\"@type\":\"PropertyValueSpecification\",\"valueRequired\":true,\"valueName\":\"search_term_string\"}}],\"inLanguage\":\"fr-FR\"}]}<\/script>\n<!-- \/ Yoast SEO plugin. -->","yoast_head_json":{"title":"Hugo Boss - BOSS Bottled Night d\u00e9odorant stick pour homme -Maroc- The Sweet Shop","robots":{"index":"index","follow":"follow","max-snippet":"max-snippet:-1","max-image-preview":"max-image-preview:large","max-video-preview":"max-video-preview:-1"},"canonical":"https:\/\/thesweetshop.ma\/?product=hugo-boss-boss-bottled-night-deodorant-stick-pour-homme","og_locale":"fr_FR","og_type":"article","og_title":"Hugo Boss - BOSS Bottled Night d\u00e9odorant stick pour homme -Maroc- The Sweet Shop","og_description":"Mariez vos parfums pour cr\u00e9er un ensemble parfaitement harmonieux. Le d\u00e9odorant Hugo Boss BOSS Bottled Night lib\u00e8re le m\u00eame ar\u00f4me que votre parfum en flacon...","og_url":"https:\/\/thesweetshop.ma\/?product=hugo-boss-boss-bottled-night-deodorant-stick-pour-homme","og_site_name":"The Sweet Shop","article_modified_time":"2026-02-17T02:02:30+00:00","og_image":[{"width":800,"height":800,"url":"https:\/\/thesweetshop.ma\/wp-content\/uploads\/2023\/06\/hugo-boss-boss-bottled-night-deodorant-75ml.jpeg","type":"image\/jpeg"}],"twitter_card":"summary_large_image","twitter_misc":{"Dur\u00e9e de lecture estim\u00e9e":"1 minute"},"schema":{"@context":"https:\/\/schema.org","@graph":[{"@type":"WebPage","@id":"https:\/\/thesweetshop.ma\/?product=hugo-boss-boss-bottled-night-deodorant-stick-pour-homme","url":"https:\/\/thesweetshop.ma\/?product=hugo-boss-boss-bottled-night-deodorant-stick-pour-homme","name":"Hugo Boss - BOSS Bottled Night d\u00e9odorant stick pour homme -Maroc- The Sweet Shop","isPartOf":{"@id":"https:\/\/thesweetshop.ma\/#website"},"primaryImageOfPage":{"@id":"https:\/\/thesweetshop.ma\/?product=hugo-boss-boss-bottled-night-deodorant-stick-pour-homme#primaryimage"},"image":{"@id":"https:\/\/thesweetshop.ma\/?product=hugo-boss-boss-bottled-night-deodorant-stick-pour-homme#primaryimage"},"thumbnailUrl":"https:\/\/thesweetshop.ma\/wp-content\/uploads\/2023\/06\/hugo-boss-boss-bottled-night-deodorant-75ml.jpeg","datePublished":"2023-06-22T14:30:13+00:00","dateModified":"2026-02-17T02:02:30+00:00","breadcrumb":{"@id":"https:\/\/thesweetshop.ma\/?product=hugo-boss-boss-bottled-night-deodorant-stick-pour-homme#breadcrumb"},"inLanguage":"fr-FR","potentialAction":[{"@type":"ReadAction","target":["https:\/\/thesweetshop.ma\/?product=hugo-boss-boss-bottled-night-deodorant-stick-pour-homme"]}]},{"@type":"ImageObject","inLanguage":"fr-FR","@id":"https:\/\/thesweetshop.ma\/?product=hugo-boss-boss-bottled-night-deodorant-stick-pour-homme#primaryimage","url":"https:\/\/thesweetshop.ma\/wp-content\/uploads\/2023\/06\/hugo-boss-boss-bottled-night-deodorant-75ml.jpeg","contentUrl":"https:\/\/thesweetshop.ma\/wp-content\/uploads\/2023\/06\/hugo-boss-boss-bottled-night-deodorant-75ml.jpeg","width":800,"height":800},{"@type":"BreadcrumbList","@id":"https:\/\/thesweetshop.ma\/?product=hugo-boss-boss-bottled-night-deodorant-stick-pour-homme#breadcrumb","itemListElement":[{"@type":"ListItem","position":1,"name":"Home","item":"https:\/\/thesweetshop.ma\/"},{"@type":"ListItem","position":2,"name":"Shop","item":"https:\/\/thesweetshop.ma\/?page_id=5"},{"@type":"ListItem","position":3,"name":"Hugo Boss &#8211; BOSS Bottled Night d\u00e9odorant stick pour homme"}]},{"@type":"WebSite","@id":"https:\/\/thesweetshop.ma\/#website","url":"https:\/\/thesweetshop.ma\/","name":"The Sweet Shop","description":"1# Le premier site de maquillage au Maroc","potentialAction":[{"@type":"SearchAction","target":{"@type":"EntryPoint","urlTemplate":"https:\/\/thesweetshop.ma\/?s={search_term_string}"},"query-input":{"@type":"PropertyValueSpecification","valueRequired":true,"valueName":"search_term_string"}}],"inLanguage":"fr-FR"}]}},"jetpack_sharing_enabled":true,"_links":{"self":[{"href":"https:\/\/thesweetshop.ma\/index.php?rest_route=\/wp\/v2\/product\/2224","targetHints":{"allow":["GET"]}}],"collection":[{"href":"https:\/\/thesweetshop.ma\/index.php?rest_route=\/wp\/v2\/product"}],"about":[{"href":"https:\/\/thesweetshop.ma\/index.php?rest_route=\/wp\/v2\/types\/product"}],"replies":[{"embeddable":true,"href":"https:\/\/thesweetshop.ma\/index.php?rest_route=%2Fwp%2Fv2%2Fcomments&post=2224"}],"version-history":[{"count":1,"href":"https:\/\/thesweetshop.ma\/index.php?rest_route=\/wp\/v2\/product\/2224\/revisions"}],"predecessor-version":[{"id":2273,"href":"https:\/\/thesweetshop.ma\/index.php?rest_route=\/wp\/v2\/product\/2224\/revisions\/2273"}],"wp:featuredmedia":[{"embeddable":true,"href":"https:\/\/thesweetshop.ma\/index.php?rest_route=\/wp\/v2\/media\/2272"}],"wp:attachment":[{"href":"https:\/\/thesweetshop.ma\/index.php?rest_route=%2Fwp%2Fv2%2Fmedia&parent=2224"}],"wp:term":[{"taxonomy":"brand","embeddable":true,"href":"https:\/\/thesweetshop.ma\/index.php?rest_route=%2Fwp%2Fv2%2Fetheme_brands&post=2224"},{"taxonomy":"product_brand","embeddable":true,"href":"https:\/\/thesweetshop.ma\/index.php?rest_route=%2Fwp%2Fv2%2Fproduct_brand&post=2224"},{"taxonomy":"product_cat","embeddable":true,"href":"https:\/\/thesweetshop.ma\/index.php?rest_route=%2Fwp%2Fv2%2Fproduct_cat&post=2224"},{"taxonomy":"product_tag","embeddable":true,"href":"https:\/\/thesweetshop.ma\/index.php?rest_route=%2Fwp%2Fv2%2Fproduct_tag&post=2224"}],"curies":[{"name":"wp","href":"https:\/\/api.w.org\/{rel}","templated":true}]}}