{"id":2603,"date":"2023-06-22T14:32:57","date_gmt":"2023-06-22T14:32:57","guid":{"rendered":"https:\/\/thesweetshop.ma\/?post_type=product&#038;p=2603"},"modified":"2025-05-24T01:29:41","modified_gmt":"2025-05-24T01:29:41","slug":"carolina-herrera-very-good-girl-eau-de-parfum-80ml","status":"publish","type":"product","link":"https:\/\/thesweetshop.ma\/?product=carolina-herrera-very-good-girl-eau-de-parfum-80ml","title":{"rendered":"Carolina Herrera Very Good Girl Eau de Parfum 80ml"},"content":{"rendered":"<div role=\"heading\" aria-level=\"2\">\n<div class=\"a-accordion-bullet with-transition open\">\n<div class=\"v\"><\/div>\n<\/div>\n<p><button class=\"a-ada-button m-accordion-button\" type=\"button\" aria-label=\"Product Details, expanded\" aria-controls=\"accordion-tymq\" aria-expanded=\"true\"><span class=\"a-ada-button__content\" tabindex=\"-1\">\u00a0<span class=\"accordion-label body-lg\">Product Details<\/span><\/span><\/button><\/div>\n<div id=\"accordion-18us\" class=\"accordion-container enabled\" aria-hidden=\"false\">\n<div class=\"a-wysiwyg accordion-content\">\n<div class=\"panel\">\n<div class=\"std\">\n<p><strong translate=\"no\">Carolina Herrera Very Good Girl Eau de Parfum<\/strong>\u00a0est un parfum floral fruit\u00e9 qui ravit vos sens avec une \u00e9l\u00e9gante trace de rose. Dot\u00e9 de la nuance rouge signature de\u00a0<strong translate=\"no\">Carolina Herrera<\/strong>\u00a0, ce nouveau parfum ajoute une passion suppl\u00e9mentaire ainsi que de la sophistication \u00e0 la famille\u00a0<strong translate=\"no\">Good Girl<\/strong>\u00a0A base de groseille et de litchi fruit\u00e9s, passionn\u00e9s et exotiques, la fragrance surprend d\u00e8s la premi\u00e8re pulv\u00e9risation. Un c\u0153ur de rose s\u00e9duisant enveloppe les premi\u00e8res notes ludiques et se d\u00e9veloppe ensuite sur une base de v\u00e9tiver sec et de vanille douce. Pleine de contrastes et de notes compl\u00e9mentaires, la fragrance r\u00e9v\u00e8le un nouveau raccourci pour \u00eatre\u00a0<strong translate=\"no\">Very Good<\/strong>\u00a0\u00e0 sa guise !<\/p>\n<p>Un flacon iconique rencontre d\u00e9sormais de nouvelles tonalit\u00e9s percutantes qui renforcent encore sa personnalit\u00e9. Intense, fruit\u00e9 et doux \u00e0 la fois, ce parfum est un symbole de passion et de beaut\u00e9. Conqu\u00e9rir de nouveaux sommets avec ce parfum exclusif et puissant qui offre instantan\u00e9ment puissance et confiance.<\/p>\n<h2>Remarques<\/h2>\n<ul>\n<li>Notes de t\u00eate : groseille et litchi ;<\/li>\n<li>Notes de coeur : rose ;<\/li>\n<li>Notes de fond : v\u00e9tiver et vanille.<\/li>\n<\/ul>\n<h2>Caract\u00e9ristiques<\/h2>\n<ul>\n<li>Recommand\u00e9 pour : les femmes ;<\/li>\n<li>Famille : floral fruit\u00e9 ;<\/li>\n<li>Cr\u00e9\u00e9 en\u00a0:\u00a02021\u00a0;<\/li>\n<li>Parfumeur : Quentin Bisch et Louise Turner.<\/li>\n<\/ul>\n<h2>les directions<\/h2>\n<p>Appliquer\u00a0<strong translate=\"no\">Carolina Herrera Very Good Girl Eau de Parfum<\/strong>\u00a0sur la peau \u00e0 distance. Vaporisez-le sur les points de pulsation tels que le cou, les poignets et derri\u00e8re les oreilles. Vous pouvez \u00e9galement l&rsquo;appliquer sur les cheveux et les v\u00eatements, \u00e0 distance pour \u00e9viter le dess\u00e8chement et les taches.<\/p>\n<\/div>\n<\/div>\n<\/div>\n<\/div>\n","protected":false},"excerpt":{"rendered":"<p>\u00a0Product Details Carolina Herrera Very Good Girl Eau de Parfum\u00a0est un parfum floral fruit\u00e9 qui ravit vos sens avec une \u00e9l\u00e9gante trace de rose. Dot\u00e9&#8230;<\/p>\n","protected":false},"featured_media":2684,"comment_status":"open","ping_status":"closed","template":"","meta":{"_joinchat":[]},"etheme_brands":[],"product_brand":[],"product_cat":[141,116,142,143],"product_tag":[],"class_list":{"0":"post-2603","1":"product","2":"type-product","3":"status-publish","4":"has-post-thumbnail","6":"product_cat-carolina-herrera","7":"product_cat-espagne","8":"product_cat-le-meilleur-parfum-feminin","9":"product_cat-parfum-pour-femme","11":"first","12":"instock","13":"shipping-taxable","14":"purchasable","15":"product-type-simple"},"yoast_head":"<!-- This site is optimized with the Yoast SEO plugin v27.4 - https:\/\/yoast.com\/product\/yoast-seo-wordpress\/ -->\n<title>Carolina Herrera Very Good Girl Eau de Parfum 80ml - Maroc - The Sweet Shop<\/title>\n<meta name=\"robots\" content=\"index, follow, max-snippet:-1, max-image-preview:large, max-video-preview:-1\" \/>\n<link rel=\"canonical\" href=\"https:\/\/thesweetshop.ma\/?product=carolina-herrera-very-good-girl-eau-de-parfum-80ml\" \/>\n<meta property=\"og:locale\" content=\"fr_FR\" \/>\n<meta property=\"og:type\" content=\"article\" \/>\n<meta property=\"og:title\" content=\"Carolina Herrera Very Good Girl Eau de Parfum 80ml - Maroc - The Sweet Shop\" \/>\n<meta property=\"og:description\" content=\"\u00a0Product Details Carolina Herrera Very Good Girl Eau de Parfum\u00a0est un parfum floral fruit\u00e9 qui ravit vos sens avec une \u00e9l\u00e9gante trace de rose. Dot\u00e9...\" \/>\n<meta property=\"og:url\" content=\"https:\/\/thesweetshop.ma\/?product=carolina-herrera-very-good-girl-eau-de-parfum-80ml\" \/>\n<meta property=\"og:site_name\" content=\"The Sweet Shop\" \/>\n<meta property=\"article:modified_time\" content=\"2025-05-24T01:29:41+00:00\" \/>\n<meta property=\"og:image\" content=\"https:\/\/thesweetshop.ma\/wp-content\/uploads\/2023\/06\/carolina-herrera-very-good-girl-eau-de-parfum-80ml.jpeg\" \/>\n\t<meta property=\"og:image:width\" content=\"650\" \/>\n\t<meta property=\"og:image:height\" content=\"650\" \/>\n\t<meta property=\"og:image:type\" content=\"image\/jpeg\" \/>\n<meta name=\"twitter:card\" content=\"summary_large_image\" \/>\n<meta name=\"twitter:label1\" content=\"Dur\u00e9e de lecture estim\u00e9e\" \/>\n\t<meta name=\"twitter:data1\" content=\"2 minutes\" \/>\n<script type=\"application\/ld+json\" class=\"yoast-schema-graph\">{\"@context\":\"https:\\\/\\\/schema.org\",\"@graph\":[{\"@type\":\"WebPage\",\"@id\":\"https:\\\/\\\/thesweetshop.ma\\\/?product=carolina-herrera-very-good-girl-eau-de-parfum-80ml\",\"url\":\"https:\\\/\\\/thesweetshop.ma\\\/?product=carolina-herrera-very-good-girl-eau-de-parfum-80ml\",\"name\":\"Carolina Herrera Very Good Girl Eau de Parfum 80ml - Maroc - The Sweet Shop\",\"isPartOf\":{\"@id\":\"https:\\\/\\\/thesweetshop.ma\\\/#website\"},\"primaryImageOfPage\":{\"@id\":\"https:\\\/\\\/thesweetshop.ma\\\/?product=carolina-herrera-very-good-girl-eau-de-parfum-80ml#primaryimage\"},\"image\":{\"@id\":\"https:\\\/\\\/thesweetshop.ma\\\/?product=carolina-herrera-very-good-girl-eau-de-parfum-80ml#primaryimage\"},\"thumbnailUrl\":\"https:\\\/\\\/thesweetshop.ma\\\/wp-content\\\/uploads\\\/2023\\\/06\\\/carolina-herrera-very-good-girl-eau-de-parfum-80ml.jpeg\",\"datePublished\":\"2023-06-22T14:32:57+00:00\",\"dateModified\":\"2025-05-24T01:29:41+00:00\",\"breadcrumb\":{\"@id\":\"https:\\\/\\\/thesweetshop.ma\\\/?product=carolina-herrera-very-good-girl-eau-de-parfum-80ml#breadcrumb\"},\"inLanguage\":\"fr-FR\",\"potentialAction\":[{\"@type\":\"ReadAction\",\"target\":[\"https:\\\/\\\/thesweetshop.ma\\\/?product=carolina-herrera-very-good-girl-eau-de-parfum-80ml\"]}]},{\"@type\":\"ImageObject\",\"inLanguage\":\"fr-FR\",\"@id\":\"https:\\\/\\\/thesweetshop.ma\\\/?product=carolina-herrera-very-good-girl-eau-de-parfum-80ml#primaryimage\",\"url\":\"https:\\\/\\\/thesweetshop.ma\\\/wp-content\\\/uploads\\\/2023\\\/06\\\/carolina-herrera-very-good-girl-eau-de-parfum-80ml.jpeg\",\"contentUrl\":\"https:\\\/\\\/thesweetshop.ma\\\/wp-content\\\/uploads\\\/2023\\\/06\\\/carolina-herrera-very-good-girl-eau-de-parfum-80ml.jpeg\",\"width\":650,\"height\":650},{\"@type\":\"BreadcrumbList\",\"@id\":\"https:\\\/\\\/thesweetshop.ma\\\/?product=carolina-herrera-very-good-girl-eau-de-parfum-80ml#breadcrumb\",\"itemListElement\":[{\"@type\":\"ListItem\",\"position\":1,\"name\":\"Home\",\"item\":\"https:\\\/\\\/thesweetshop.ma\\\/\"},{\"@type\":\"ListItem\",\"position\":2,\"name\":\"Shop\",\"item\":\"https:\\\/\\\/thesweetshop.ma\\\/?page_id=5\"},{\"@type\":\"ListItem\",\"position\":3,\"name\":\"Carolina Herrera Very Good Girl Eau de Parfum 80ml\"}]},{\"@type\":\"WebSite\",\"@id\":\"https:\\\/\\\/thesweetshop.ma\\\/#website\",\"url\":\"https:\\\/\\\/thesweetshop.ma\\\/\",\"name\":\"The Sweet Shop\",\"description\":\"1# Le premier site de maquillage au Maroc\",\"potentialAction\":[{\"@type\":\"SearchAction\",\"target\":{\"@type\":\"EntryPoint\",\"urlTemplate\":\"https:\\\/\\\/thesweetshop.ma\\\/?s={search_term_string}\"},\"query-input\":{\"@type\":\"PropertyValueSpecification\",\"valueRequired\":true,\"valueName\":\"search_term_string\"}}],\"inLanguage\":\"fr-FR\"}]}<\/script>\n<!-- \/ Yoast SEO plugin. -->","yoast_head_json":{"title":"Carolina Herrera Very Good Girl Eau de Parfum 80ml - Maroc - The Sweet Shop","robots":{"index":"index","follow":"follow","max-snippet":"max-snippet:-1","max-image-preview":"max-image-preview:large","max-video-preview":"max-video-preview:-1"},"canonical":"https:\/\/thesweetshop.ma\/?product=carolina-herrera-very-good-girl-eau-de-parfum-80ml","og_locale":"fr_FR","og_type":"article","og_title":"Carolina Herrera Very Good Girl Eau de Parfum 80ml - Maroc - The Sweet Shop","og_description":"\u00a0Product Details Carolina Herrera Very Good Girl Eau de Parfum\u00a0est un parfum floral fruit\u00e9 qui ravit vos sens avec une \u00e9l\u00e9gante trace de rose. Dot\u00e9...","og_url":"https:\/\/thesweetshop.ma\/?product=carolina-herrera-very-good-girl-eau-de-parfum-80ml","og_site_name":"The Sweet Shop","article_modified_time":"2025-05-24T01:29:41+00:00","og_image":[{"width":650,"height":650,"url":"https:\/\/thesweetshop.ma\/wp-content\/uploads\/2023\/06\/carolina-herrera-very-good-girl-eau-de-parfum-80ml.jpeg","type":"image\/jpeg"}],"twitter_card":"summary_large_image","twitter_misc":{"Dur\u00e9e de lecture estim\u00e9e":"2 minutes"},"schema":{"@context":"https:\/\/schema.org","@graph":[{"@type":"WebPage","@id":"https:\/\/thesweetshop.ma\/?product=carolina-herrera-very-good-girl-eau-de-parfum-80ml","url":"https:\/\/thesweetshop.ma\/?product=carolina-herrera-very-good-girl-eau-de-parfum-80ml","name":"Carolina Herrera Very Good Girl Eau de Parfum 80ml - Maroc - The Sweet Shop","isPartOf":{"@id":"https:\/\/thesweetshop.ma\/#website"},"primaryImageOfPage":{"@id":"https:\/\/thesweetshop.ma\/?product=carolina-herrera-very-good-girl-eau-de-parfum-80ml#primaryimage"},"image":{"@id":"https:\/\/thesweetshop.ma\/?product=carolina-herrera-very-good-girl-eau-de-parfum-80ml#primaryimage"},"thumbnailUrl":"https:\/\/thesweetshop.ma\/wp-content\/uploads\/2023\/06\/carolina-herrera-very-good-girl-eau-de-parfum-80ml.jpeg","datePublished":"2023-06-22T14:32:57+00:00","dateModified":"2025-05-24T01:29:41+00:00","breadcrumb":{"@id":"https:\/\/thesweetshop.ma\/?product=carolina-herrera-very-good-girl-eau-de-parfum-80ml#breadcrumb"},"inLanguage":"fr-FR","potentialAction":[{"@type":"ReadAction","target":["https:\/\/thesweetshop.ma\/?product=carolina-herrera-very-good-girl-eau-de-parfum-80ml"]}]},{"@type":"ImageObject","inLanguage":"fr-FR","@id":"https:\/\/thesweetshop.ma\/?product=carolina-herrera-very-good-girl-eau-de-parfum-80ml#primaryimage","url":"https:\/\/thesweetshop.ma\/wp-content\/uploads\/2023\/06\/carolina-herrera-very-good-girl-eau-de-parfum-80ml.jpeg","contentUrl":"https:\/\/thesweetshop.ma\/wp-content\/uploads\/2023\/06\/carolina-herrera-very-good-girl-eau-de-parfum-80ml.jpeg","width":650,"height":650},{"@type":"BreadcrumbList","@id":"https:\/\/thesweetshop.ma\/?product=carolina-herrera-very-good-girl-eau-de-parfum-80ml#breadcrumb","itemListElement":[{"@type":"ListItem","position":1,"name":"Home","item":"https:\/\/thesweetshop.ma\/"},{"@type":"ListItem","position":2,"name":"Shop","item":"https:\/\/thesweetshop.ma\/?page_id=5"},{"@type":"ListItem","position":3,"name":"Carolina Herrera Very Good Girl Eau de Parfum 80ml"}]},{"@type":"WebSite","@id":"https:\/\/thesweetshop.ma\/#website","url":"https:\/\/thesweetshop.ma\/","name":"The Sweet Shop","description":"1# Le premier site de maquillage au Maroc","potentialAction":[{"@type":"SearchAction","target":{"@type":"EntryPoint","urlTemplate":"https:\/\/thesweetshop.ma\/?s={search_term_string}"},"query-input":{"@type":"PropertyValueSpecification","valueRequired":true,"valueName":"search_term_string"}}],"inLanguage":"fr-FR"}]}},"jetpack_sharing_enabled":true,"_links":{"self":[{"href":"https:\/\/thesweetshop.ma\/index.php?rest_route=\/wp\/v2\/product\/2603","targetHints":{"allow":["GET"]}}],"collection":[{"href":"https:\/\/thesweetshop.ma\/index.php?rest_route=\/wp\/v2\/product"}],"about":[{"href":"https:\/\/thesweetshop.ma\/index.php?rest_route=\/wp\/v2\/types\/product"}],"replies":[{"embeddable":true,"href":"https:\/\/thesweetshop.ma\/index.php?rest_route=%2Fwp%2Fv2%2Fcomments&post=2603"}],"version-history":[{"count":1,"href":"https:\/\/thesweetshop.ma\/index.php?rest_route=\/wp\/v2\/product\/2603\/revisions"}],"predecessor-version":[{"id":2685,"href":"https:\/\/thesweetshop.ma\/index.php?rest_route=\/wp\/v2\/product\/2603\/revisions\/2685"}],"wp:featuredmedia":[{"embeddable":true,"href":"https:\/\/thesweetshop.ma\/index.php?rest_route=\/wp\/v2\/media\/2684"}],"wp:attachment":[{"href":"https:\/\/thesweetshop.ma\/index.php?rest_route=%2Fwp%2Fv2%2Fmedia&parent=2603"}],"wp:term":[{"taxonomy":"brand","embeddable":true,"href":"https:\/\/thesweetshop.ma\/index.php?rest_route=%2Fwp%2Fv2%2Fetheme_brands&post=2603"},{"taxonomy":"product_brand","embeddable":true,"href":"https:\/\/thesweetshop.ma\/index.php?rest_route=%2Fwp%2Fv2%2Fproduct_brand&post=2603"},{"taxonomy":"product_cat","embeddable":true,"href":"https:\/\/thesweetshop.ma\/index.php?rest_route=%2Fwp%2Fv2%2Fproduct_cat&post=2603"},{"taxonomy":"product_tag","embeddable":true,"href":"https:\/\/thesweetshop.ma\/index.php?rest_route=%2Fwp%2Fv2%2Fproduct_tag&post=2603"}],"curies":[{"name":"wp","href":"https:\/\/api.w.org\/{rel}","templated":true}]}}