{"id":2654,"date":"2023-06-22T14:33:20","date_gmt":"2023-06-22T14:33:20","guid":{"rendered":"https:\/\/thesweetshop.ma\/?post_type=product&#038;p=2654"},"modified":"2025-01-09T01:30:54","modified_gmt":"2025-01-09T01:30:54","slug":"carolina-herrera-212-vip-rose-eau-de-parfum-80ml","status":"publish","type":"product","link":"https:\/\/thesweetshop.ma\/?product=carolina-herrera-212-vip-rose-eau-de-parfum-80ml","title":{"rendered":"Carolina Herrera 212 VIP Ros\u00e9 Eau de Parfum 80ml"},"content":{"rendered":"<p>212 VIP ROS\u00c9. un parfum qui incarne l\u2019essence sublime et absolue de la f\u00eate \u00e0 NYC. Une f\u00eate \u00e9blouissante o\u00f9 se donnent rendez-vous tout le glamour. toute l\u2019\u00e9l\u00e9gance et tout le fun de la ville aux innombrables gratte-ciel. Une f\u00eate o\u00f9 la chaleur humaine s\u2019offre en principal ingr\u00e9dient. Avec son air jeune et insouciant. 212 VIP ROS\u00c9 apporte encore plus de s\u00e9duction. de glamour. d\u2019\u00e9motion et d\u2019esprit festif dans l\u2019univers 212 VIP. Ce nouveau jus floral bois\u00e9 repose sur trois accords majeurs : le Champagne Ros\u00e9 pour sa fra\u00eecheur. la Fleur de P\u00eacher pour sa f\u00e9minit\u00e9 et le Queen Wood pour sa sensualit\u00e9.<\/p>\n","protected":false},"excerpt":{"rendered":"<p>212 VIP ROS\u00c9. un parfum qui incarne l\u2019essence sublime et absolue de la f\u00eate \u00e0 NYC. Une f\u00eate \u00e9blouissante o\u00f9 se donnent rendez-vous tout le&#8230;<\/p>\n","protected":false},"featured_media":2726,"comment_status":"open","ping_status":"closed","template":"","meta":{"_joinchat":[]},"etheme_brands":[],"product_brand":[],"product_cat":[141,116,147,143],"product_tag":[],"class_list":{"0":"post-2654","1":"product","2":"type-product","3":"status-publish","4":"has-post-thumbnail","6":"product_cat-carolina-herrera","7":"product_cat-espagne","8":"product_cat-le-meilleur-parfum","9":"product_cat-parfum-pour-femme","11":"first","12":"instock","13":"shipping-taxable","14":"purchasable","15":"product-type-simple"},"yoast_head":"<!-- This site is optimized with the Yoast SEO plugin v27.4 - https:\/\/yoast.com\/product\/yoast-seo-wordpress\/ -->\n<title>Carolina Herrera 212 VIP Ros\u00e9 Eau de Parfum 80ml - Maroc - The Sweet Shop<\/title>\n<meta name=\"robots\" content=\"index, follow, max-snippet:-1, max-image-preview:large, max-video-preview:-1\" \/>\n<link rel=\"canonical\" href=\"https:\/\/thesweetshop.ma\/?product=carolina-herrera-212-vip-rose-eau-de-parfum-80ml\" \/>\n<meta property=\"og:locale\" content=\"fr_FR\" \/>\n<meta property=\"og:type\" content=\"article\" \/>\n<meta property=\"og:title\" content=\"Carolina Herrera 212 VIP Ros\u00e9 Eau de Parfum 80ml - Maroc - The Sweet Shop\" \/>\n<meta property=\"og:description\" content=\"212 VIP ROS\u00c9. un parfum qui incarne l\u2019essence sublime et absolue de la f\u00eate \u00e0 NYC. Une f\u00eate \u00e9blouissante o\u00f9 se donnent rendez-vous tout le...\" \/>\n<meta property=\"og:url\" content=\"https:\/\/thesweetshop.ma\/?product=carolina-herrera-212-vip-rose-eau-de-parfum-80ml\" \/>\n<meta property=\"og:site_name\" content=\"The Sweet Shop\" \/>\n<meta property=\"article:modified_time\" content=\"2025-01-09T01:30:54+00:00\" \/>\n<meta property=\"og:image\" content=\"https:\/\/thesweetshop.ma\/wp-content\/uploads\/2023\/06\/carolina-herrera-212-vip-rose-eau-de-parfum-80ml.jpeg\" \/>\n\t<meta property=\"og:image:width\" content=\"650\" \/>\n\t<meta property=\"og:image:height\" content=\"650\" \/>\n\t<meta property=\"og:image:type\" content=\"image\/jpeg\" \/>\n<meta name=\"twitter:card\" content=\"summary_large_image\" \/>\n<meta name=\"twitter:label1\" content=\"Dur\u00e9e de lecture estim\u00e9e\" \/>\n\t<meta name=\"twitter:data1\" content=\"1 minute\" \/>\n<script type=\"application\/ld+json\" class=\"yoast-schema-graph\">{\"@context\":\"https:\\\/\\\/schema.org\",\"@graph\":[{\"@type\":\"WebPage\",\"@id\":\"https:\\\/\\\/thesweetshop.ma\\\/?product=carolina-herrera-212-vip-rose-eau-de-parfum-80ml\",\"url\":\"https:\\\/\\\/thesweetshop.ma\\\/?product=carolina-herrera-212-vip-rose-eau-de-parfum-80ml\",\"name\":\"Carolina Herrera 212 VIP Ros\u00e9 Eau de Parfum 80ml - Maroc - The Sweet Shop\",\"isPartOf\":{\"@id\":\"https:\\\/\\\/thesweetshop.ma\\\/#website\"},\"primaryImageOfPage\":{\"@id\":\"https:\\\/\\\/thesweetshop.ma\\\/?product=carolina-herrera-212-vip-rose-eau-de-parfum-80ml#primaryimage\"},\"image\":{\"@id\":\"https:\\\/\\\/thesweetshop.ma\\\/?product=carolina-herrera-212-vip-rose-eau-de-parfum-80ml#primaryimage\"},\"thumbnailUrl\":\"https:\\\/\\\/thesweetshop.ma\\\/wp-content\\\/uploads\\\/2023\\\/06\\\/carolina-herrera-212-vip-rose-eau-de-parfum-80ml.jpeg\",\"datePublished\":\"2023-06-22T14:33:20+00:00\",\"dateModified\":\"2025-01-09T01:30:54+00:00\",\"breadcrumb\":{\"@id\":\"https:\\\/\\\/thesweetshop.ma\\\/?product=carolina-herrera-212-vip-rose-eau-de-parfum-80ml#breadcrumb\"},\"inLanguage\":\"fr-FR\",\"potentialAction\":[{\"@type\":\"ReadAction\",\"target\":[\"https:\\\/\\\/thesweetshop.ma\\\/?product=carolina-herrera-212-vip-rose-eau-de-parfum-80ml\"]}]},{\"@type\":\"ImageObject\",\"inLanguage\":\"fr-FR\",\"@id\":\"https:\\\/\\\/thesweetshop.ma\\\/?product=carolina-herrera-212-vip-rose-eau-de-parfum-80ml#primaryimage\",\"url\":\"https:\\\/\\\/thesweetshop.ma\\\/wp-content\\\/uploads\\\/2023\\\/06\\\/carolina-herrera-212-vip-rose-eau-de-parfum-80ml.jpeg\",\"contentUrl\":\"https:\\\/\\\/thesweetshop.ma\\\/wp-content\\\/uploads\\\/2023\\\/06\\\/carolina-herrera-212-vip-rose-eau-de-parfum-80ml.jpeg\",\"width\":650,\"height\":650},{\"@type\":\"BreadcrumbList\",\"@id\":\"https:\\\/\\\/thesweetshop.ma\\\/?product=carolina-herrera-212-vip-rose-eau-de-parfum-80ml#breadcrumb\",\"itemListElement\":[{\"@type\":\"ListItem\",\"position\":1,\"name\":\"Home\",\"item\":\"https:\\\/\\\/thesweetshop.ma\\\/\"},{\"@type\":\"ListItem\",\"position\":2,\"name\":\"Shop\",\"item\":\"https:\\\/\\\/thesweetshop.ma\\\/?page_id=5\"},{\"@type\":\"ListItem\",\"position\":3,\"name\":\"Carolina Herrera 212 VIP Ros\u00e9 Eau de Parfum 80ml\"}]},{\"@type\":\"WebSite\",\"@id\":\"https:\\\/\\\/thesweetshop.ma\\\/#website\",\"url\":\"https:\\\/\\\/thesweetshop.ma\\\/\",\"name\":\"The Sweet Shop\",\"description\":\"1# Le premier site de maquillage au Maroc\",\"potentialAction\":[{\"@type\":\"SearchAction\",\"target\":{\"@type\":\"EntryPoint\",\"urlTemplate\":\"https:\\\/\\\/thesweetshop.ma\\\/?s={search_term_string}\"},\"query-input\":{\"@type\":\"PropertyValueSpecification\",\"valueRequired\":true,\"valueName\":\"search_term_string\"}}],\"inLanguage\":\"fr-FR\"}]}<\/script>\n<!-- \/ Yoast SEO plugin. -->","yoast_head_json":{"title":"Carolina Herrera 212 VIP Ros\u00e9 Eau de Parfum 80ml - Maroc - The Sweet Shop","robots":{"index":"index","follow":"follow","max-snippet":"max-snippet:-1","max-image-preview":"max-image-preview:large","max-video-preview":"max-video-preview:-1"},"canonical":"https:\/\/thesweetshop.ma\/?product=carolina-herrera-212-vip-rose-eau-de-parfum-80ml","og_locale":"fr_FR","og_type":"article","og_title":"Carolina Herrera 212 VIP Ros\u00e9 Eau de Parfum 80ml - Maroc - The Sweet Shop","og_description":"212 VIP ROS\u00c9. un parfum qui incarne l\u2019essence sublime et absolue de la f\u00eate \u00e0 NYC. Une f\u00eate \u00e9blouissante o\u00f9 se donnent rendez-vous tout le...","og_url":"https:\/\/thesweetshop.ma\/?product=carolina-herrera-212-vip-rose-eau-de-parfum-80ml","og_site_name":"The Sweet Shop","article_modified_time":"2025-01-09T01:30:54+00:00","og_image":[{"width":650,"height":650,"url":"https:\/\/thesweetshop.ma\/wp-content\/uploads\/2023\/06\/carolina-herrera-212-vip-rose-eau-de-parfum-80ml.jpeg","type":"image\/jpeg"}],"twitter_card":"summary_large_image","twitter_misc":{"Dur\u00e9e de lecture estim\u00e9e":"1 minute"},"schema":{"@context":"https:\/\/schema.org","@graph":[{"@type":"WebPage","@id":"https:\/\/thesweetshop.ma\/?product=carolina-herrera-212-vip-rose-eau-de-parfum-80ml","url":"https:\/\/thesweetshop.ma\/?product=carolina-herrera-212-vip-rose-eau-de-parfum-80ml","name":"Carolina Herrera 212 VIP Ros\u00e9 Eau de Parfum 80ml - Maroc - The Sweet Shop","isPartOf":{"@id":"https:\/\/thesweetshop.ma\/#website"},"primaryImageOfPage":{"@id":"https:\/\/thesweetshop.ma\/?product=carolina-herrera-212-vip-rose-eau-de-parfum-80ml#primaryimage"},"image":{"@id":"https:\/\/thesweetshop.ma\/?product=carolina-herrera-212-vip-rose-eau-de-parfum-80ml#primaryimage"},"thumbnailUrl":"https:\/\/thesweetshop.ma\/wp-content\/uploads\/2023\/06\/carolina-herrera-212-vip-rose-eau-de-parfum-80ml.jpeg","datePublished":"2023-06-22T14:33:20+00:00","dateModified":"2025-01-09T01:30:54+00:00","breadcrumb":{"@id":"https:\/\/thesweetshop.ma\/?product=carolina-herrera-212-vip-rose-eau-de-parfum-80ml#breadcrumb"},"inLanguage":"fr-FR","potentialAction":[{"@type":"ReadAction","target":["https:\/\/thesweetshop.ma\/?product=carolina-herrera-212-vip-rose-eau-de-parfum-80ml"]}]},{"@type":"ImageObject","inLanguage":"fr-FR","@id":"https:\/\/thesweetshop.ma\/?product=carolina-herrera-212-vip-rose-eau-de-parfum-80ml#primaryimage","url":"https:\/\/thesweetshop.ma\/wp-content\/uploads\/2023\/06\/carolina-herrera-212-vip-rose-eau-de-parfum-80ml.jpeg","contentUrl":"https:\/\/thesweetshop.ma\/wp-content\/uploads\/2023\/06\/carolina-herrera-212-vip-rose-eau-de-parfum-80ml.jpeg","width":650,"height":650},{"@type":"BreadcrumbList","@id":"https:\/\/thesweetshop.ma\/?product=carolina-herrera-212-vip-rose-eau-de-parfum-80ml#breadcrumb","itemListElement":[{"@type":"ListItem","position":1,"name":"Home","item":"https:\/\/thesweetshop.ma\/"},{"@type":"ListItem","position":2,"name":"Shop","item":"https:\/\/thesweetshop.ma\/?page_id=5"},{"@type":"ListItem","position":3,"name":"Carolina Herrera 212 VIP Ros\u00e9 Eau de Parfum 80ml"}]},{"@type":"WebSite","@id":"https:\/\/thesweetshop.ma\/#website","url":"https:\/\/thesweetshop.ma\/","name":"The Sweet Shop","description":"1# Le premier site de maquillage au Maroc","potentialAction":[{"@type":"SearchAction","target":{"@type":"EntryPoint","urlTemplate":"https:\/\/thesweetshop.ma\/?s={search_term_string}"},"query-input":{"@type":"PropertyValueSpecification","valueRequired":true,"valueName":"search_term_string"}}],"inLanguage":"fr-FR"}]}},"jetpack_sharing_enabled":true,"_links":{"self":[{"href":"https:\/\/thesweetshop.ma\/index.php?rest_route=\/wp\/v2\/product\/2654","targetHints":{"allow":["GET"]}}],"collection":[{"href":"https:\/\/thesweetshop.ma\/index.php?rest_route=\/wp\/v2\/product"}],"about":[{"href":"https:\/\/thesweetshop.ma\/index.php?rest_route=\/wp\/v2\/types\/product"}],"replies":[{"embeddable":true,"href":"https:\/\/thesweetshop.ma\/index.php?rest_route=%2Fwp%2Fv2%2Fcomments&post=2654"}],"version-history":[{"count":1,"href":"https:\/\/thesweetshop.ma\/index.php?rest_route=\/wp\/v2\/product\/2654\/revisions"}],"predecessor-version":[{"id":2727,"href":"https:\/\/thesweetshop.ma\/index.php?rest_route=\/wp\/v2\/product\/2654\/revisions\/2727"}],"wp:featuredmedia":[{"embeddable":true,"href":"https:\/\/thesweetshop.ma\/index.php?rest_route=\/wp\/v2\/media\/2726"}],"wp:attachment":[{"href":"https:\/\/thesweetshop.ma\/index.php?rest_route=%2Fwp%2Fv2%2Fmedia&parent=2654"}],"wp:term":[{"taxonomy":"brand","embeddable":true,"href":"https:\/\/thesweetshop.ma\/index.php?rest_route=%2Fwp%2Fv2%2Fetheme_brands&post=2654"},{"taxonomy":"product_brand","embeddable":true,"href":"https:\/\/thesweetshop.ma\/index.php?rest_route=%2Fwp%2Fv2%2Fproduct_brand&post=2654"},{"taxonomy":"product_cat","embeddable":true,"href":"https:\/\/thesweetshop.ma\/index.php?rest_route=%2Fwp%2Fv2%2Fproduct_cat&post=2654"},{"taxonomy":"product_tag","embeddable":true,"href":"https:\/\/thesweetshop.ma\/index.php?rest_route=%2Fwp%2Fv2%2Fproduct_tag&post=2654"}],"curies":[{"name":"wp","href":"https:\/\/api.w.org\/{rel}","templated":true}]}}