{"id":2657,"date":"2023-06-22T14:33:20","date_gmt":"2023-06-22T14:33:20","guid":{"rendered":"https:\/\/thesweetshop.ma\/?post_type=product&#038;p=2657"},"modified":"2024-06-13T04:17:28","modified_gmt":"2024-06-13T04:17:28","slug":"olaplex-hair-repair-perfector-n3","status":"publish","type":"product","link":"https:\/\/thesweetshop.ma\/?product=olaplex-hair-repair-perfector-n3","title":{"rendered":"OLAPLEX HAIR REPAIR PERFECTOR N\u00b03"},"content":{"rendered":"<p>Un traitement capillaire pr\u00e9-shampooing qui r\u00e9duit les cassures et les pointes fourchues pour des cheveux visiblement plus sains. Il a \u00e9t\u00e9 prouv\u00e9 qu&rsquo;OLAPLEX Bond Building Technology&#x2122; relie les liaisons disulfure bris\u00e9es endommag\u00e9es par les services chimiques, la chaleur et le coiffage.<\/p>\n<p>Type de cheveux : droits, ondul\u00e9s, boucl\u00e9s et cr\u00e9pus<\/p>\n<p>Texture des cheveux\u00a0: fins, moyens et \u00e9pais<\/p>\n<p><strong>Avantages cl\u00e9s:<\/strong><\/p>\n<p>&#8211; R\u00e9duit les cassures et les pointes fourchues<\/p>\n<p>&#8211; Renforce visiblement les cheveux<\/p>\n<p>&#8211; Restaure l&rsquo;apparence et la texture saines<\/p>\n<p>Ingr\u00e9dients mis en avant\u00a0:<\/p>\n<p>Technologie brevet\u00e9e et \u00e9prouv\u00e9e pour aider \u00e0 r\u00e9parer les liens bris\u00e9s pour des cheveux plus forts.<\/p>\n<p>L\u00e9gendes des ingr\u00e9dients : Il est \u00e9galement v\u00e9g\u00e9talien et sans cruaut\u00e9. No.3 Hair Perfector est d\u00e9sormais formul\u00e9 sans Lilial.<\/p>\n<p>Ce traitement \u00e0 domicile profond\u00e9ment r\u00e9parateur pour les cheveux ab\u00eem\u00e9s est formul\u00e9 avec la technologie brevet\u00e9e OLAPLEX Bond Building Technology&#x2122;. Il aide \u00e0 reconstruire les liaisons disulfure faibles et bris\u00e9es pour des cheveux visiblement plus sains et plus forts et \u00e0 r\u00e9duire les cassures et les pointes fourchues.<\/p>\n<p><strong>Utilisation sugg\u00e9r\u00e9e\u00a0:<\/strong><\/p>\n<p>-Appliquer une quantit\u00e9 g\u00e9n\u00e9reuse des racines aux pointes sur les cheveux humides et essor\u00e9s \u00e0 la serviette.<br \/>\n-Peignez une fois et laissez agir pendant au moins 10 minutes ou plus.<br \/>\n-Rincer les cheveux, le shampoing et l&rsquo;apr\u00e8s-shampooing.<br \/>\n-Pour de meilleurs r\u00e9sultats, faites du syst\u00e8me OLAPLEX Bond Maintenance\u00ae votre routine hebdomadaire\u00a0: traitez avec le perfecteur de cheveux No.3, nettoyez avec le shampooing No.4 Bond Maintenance\u00ae et hydratez avec le revitalisant No.5 Bond Maintenance\u00ae .<\/p>\n","protected":false},"excerpt":{"rendered":"<p>Un traitement capillaire pr\u00e9-shampooing qui r\u00e9duit les cassures et les pointes fourchues pour des cheveux visiblement plus sains. Il a \u00e9t\u00e9 prouv\u00e9 qu&rsquo;OLAPLEX Bond Building&#8230;<\/p>\n","protected":false},"featured_media":2732,"comment_status":"open","ping_status":"closed","template":"","meta":{"_joinchat":[]},"etheme_brands":[],"product_brand":[],"product_cat":[97,123,127,154,124,126],"product_tag":[],"class_list":{"0":"post-2657","1":"product","2":"type-product","3":"status-publish","4":"has-post-thumbnail","6":"product_cat-cheveux","7":"product_cat-etats-unis","8":"product_cat-les-meilleurs-produits-de-soins","9":"product_cat-meilleures-offres","10":"product_cat-olaplex","11":"product_cat-traitements","13":"first","14":"instock","15":"sale","16":"shipping-taxable","17":"purchasable","18":"product-type-simple"},"yoast_head":"<!-- This site is optimized with the Yoast SEO plugin v27.4 - https:\/\/yoast.com\/product\/yoast-seo-wordpress\/ -->\n<title>OLAPLEX HAIR REPAIR PERFECTOR N\u00b03 -Maroc - The Sweet Shop<\/title>\n<meta name=\"robots\" content=\"index, follow, max-snippet:-1, max-image-preview:large, max-video-preview:-1\" \/>\n<link rel=\"canonical\" href=\"https:\/\/thesweetshop.ma\/?product=olaplex-hair-repair-perfector-n3\" \/>\n<meta property=\"og:locale\" content=\"fr_FR\" \/>\n<meta property=\"og:type\" content=\"article\" \/>\n<meta property=\"og:title\" content=\"OLAPLEX HAIR REPAIR PERFECTOR N\u00b03 -Maroc - The Sweet Shop\" \/>\n<meta property=\"og:description\" content=\"Un traitement capillaire pr\u00e9-shampooing qui r\u00e9duit les cassures et les pointes fourchues pour des cheveux visiblement plus sains. Il a \u00e9t\u00e9 prouv\u00e9 qu&rsquo;OLAPLEX Bond Building...\" \/>\n<meta property=\"og:url\" content=\"https:\/\/thesweetshop.ma\/?product=olaplex-hair-repair-perfector-n3\" \/>\n<meta property=\"og:site_name\" content=\"The Sweet Shop\" \/>\n<meta property=\"article:modified_time\" content=\"2024-06-13T04:17:28+00:00\" \/>\n<meta property=\"og:image\" content=\"https:\/\/thesweetshop.ma\/wp-content\/uploads\/2023\/06\/olaplex3.jpeg\" \/>\n\t<meta property=\"og:image:width\" content=\"700\" \/>\n\t<meta property=\"og:image:height\" content=\"700\" \/>\n\t<meta property=\"og:image:type\" content=\"image\/jpeg\" \/>\n<meta name=\"twitter:card\" content=\"summary_large_image\" \/>\n<meta name=\"twitter:label1\" content=\"Dur\u00e9e de lecture estim\u00e9e\" \/>\n\t<meta name=\"twitter:data1\" content=\"1 minute\" \/>\n<script type=\"application\/ld+json\" class=\"yoast-schema-graph\">{\"@context\":\"https:\\\/\\\/schema.org\",\"@graph\":[{\"@type\":\"WebPage\",\"@id\":\"https:\\\/\\\/thesweetshop.ma\\\/?product=olaplex-hair-repair-perfector-n3\",\"url\":\"https:\\\/\\\/thesweetshop.ma\\\/?product=olaplex-hair-repair-perfector-n3\",\"name\":\"OLAPLEX HAIR REPAIR PERFECTOR N\u00b03 -Maroc - The Sweet Shop\",\"isPartOf\":{\"@id\":\"https:\\\/\\\/thesweetshop.ma\\\/#website\"},\"primaryImageOfPage\":{\"@id\":\"https:\\\/\\\/thesweetshop.ma\\\/?product=olaplex-hair-repair-perfector-n3#primaryimage\"},\"image\":{\"@id\":\"https:\\\/\\\/thesweetshop.ma\\\/?product=olaplex-hair-repair-perfector-n3#primaryimage\"},\"thumbnailUrl\":\"https:\\\/\\\/thesweetshop.ma\\\/wp-content\\\/uploads\\\/2023\\\/06\\\/olaplex3.jpeg\",\"datePublished\":\"2023-06-22T14:33:20+00:00\",\"dateModified\":\"2024-06-13T04:17:28+00:00\",\"breadcrumb\":{\"@id\":\"https:\\\/\\\/thesweetshop.ma\\\/?product=olaplex-hair-repair-perfector-n3#breadcrumb\"},\"inLanguage\":\"fr-FR\",\"potentialAction\":[{\"@type\":\"ReadAction\",\"target\":[\"https:\\\/\\\/thesweetshop.ma\\\/?product=olaplex-hair-repair-perfector-n3\"]}]},{\"@type\":\"ImageObject\",\"inLanguage\":\"fr-FR\",\"@id\":\"https:\\\/\\\/thesweetshop.ma\\\/?product=olaplex-hair-repair-perfector-n3#primaryimage\",\"url\":\"https:\\\/\\\/thesweetshop.ma\\\/wp-content\\\/uploads\\\/2023\\\/06\\\/olaplex3.jpeg\",\"contentUrl\":\"https:\\\/\\\/thesweetshop.ma\\\/wp-content\\\/uploads\\\/2023\\\/06\\\/olaplex3.jpeg\",\"width\":700,\"height\":700},{\"@type\":\"BreadcrumbList\",\"@id\":\"https:\\\/\\\/thesweetshop.ma\\\/?product=olaplex-hair-repair-perfector-n3#breadcrumb\",\"itemListElement\":[{\"@type\":\"ListItem\",\"position\":1,\"name\":\"Home\",\"item\":\"https:\\\/\\\/thesweetshop.ma\\\/\"},{\"@type\":\"ListItem\",\"position\":2,\"name\":\"Shop\",\"item\":\"https:\\\/\\\/thesweetshop.ma\\\/?page_id=5\"},{\"@type\":\"ListItem\",\"position\":3,\"name\":\"OLAPLEX HAIR REPAIR PERFECTOR N\u00b03\"}]},{\"@type\":\"WebSite\",\"@id\":\"https:\\\/\\\/thesweetshop.ma\\\/#website\",\"url\":\"https:\\\/\\\/thesweetshop.ma\\\/\",\"name\":\"The Sweet Shop\",\"description\":\"1# Le premier site de maquillage au Maroc\",\"potentialAction\":[{\"@type\":\"SearchAction\",\"target\":{\"@type\":\"EntryPoint\",\"urlTemplate\":\"https:\\\/\\\/thesweetshop.ma\\\/?s={search_term_string}\"},\"query-input\":{\"@type\":\"PropertyValueSpecification\",\"valueRequired\":true,\"valueName\":\"search_term_string\"}}],\"inLanguage\":\"fr-FR\"}]}<\/script>\n<!-- \/ Yoast SEO plugin. -->","yoast_head_json":{"title":"OLAPLEX HAIR REPAIR PERFECTOR N\u00b03 -Maroc - The Sweet Shop","robots":{"index":"index","follow":"follow","max-snippet":"max-snippet:-1","max-image-preview":"max-image-preview:large","max-video-preview":"max-video-preview:-1"},"canonical":"https:\/\/thesweetshop.ma\/?product=olaplex-hair-repair-perfector-n3","og_locale":"fr_FR","og_type":"article","og_title":"OLAPLEX HAIR REPAIR PERFECTOR N\u00b03 -Maroc - The Sweet Shop","og_description":"Un traitement capillaire pr\u00e9-shampooing qui r\u00e9duit les cassures et les pointes fourchues pour des cheveux visiblement plus sains. Il a \u00e9t\u00e9 prouv\u00e9 qu&rsquo;OLAPLEX Bond Building...","og_url":"https:\/\/thesweetshop.ma\/?product=olaplex-hair-repair-perfector-n3","og_site_name":"The Sweet Shop","article_modified_time":"2024-06-13T04:17:28+00:00","og_image":[{"width":700,"height":700,"url":"https:\/\/thesweetshop.ma\/wp-content\/uploads\/2023\/06\/olaplex3.jpeg","type":"image\/jpeg"}],"twitter_card":"summary_large_image","twitter_misc":{"Dur\u00e9e de lecture estim\u00e9e":"1 minute"},"schema":{"@context":"https:\/\/schema.org","@graph":[{"@type":"WebPage","@id":"https:\/\/thesweetshop.ma\/?product=olaplex-hair-repair-perfector-n3","url":"https:\/\/thesweetshop.ma\/?product=olaplex-hair-repair-perfector-n3","name":"OLAPLEX HAIR REPAIR PERFECTOR N\u00b03 -Maroc - The Sweet Shop","isPartOf":{"@id":"https:\/\/thesweetshop.ma\/#website"},"primaryImageOfPage":{"@id":"https:\/\/thesweetshop.ma\/?product=olaplex-hair-repair-perfector-n3#primaryimage"},"image":{"@id":"https:\/\/thesweetshop.ma\/?product=olaplex-hair-repair-perfector-n3#primaryimage"},"thumbnailUrl":"https:\/\/thesweetshop.ma\/wp-content\/uploads\/2023\/06\/olaplex3.jpeg","datePublished":"2023-06-22T14:33:20+00:00","dateModified":"2024-06-13T04:17:28+00:00","breadcrumb":{"@id":"https:\/\/thesweetshop.ma\/?product=olaplex-hair-repair-perfector-n3#breadcrumb"},"inLanguage":"fr-FR","potentialAction":[{"@type":"ReadAction","target":["https:\/\/thesweetshop.ma\/?product=olaplex-hair-repair-perfector-n3"]}]},{"@type":"ImageObject","inLanguage":"fr-FR","@id":"https:\/\/thesweetshop.ma\/?product=olaplex-hair-repair-perfector-n3#primaryimage","url":"https:\/\/thesweetshop.ma\/wp-content\/uploads\/2023\/06\/olaplex3.jpeg","contentUrl":"https:\/\/thesweetshop.ma\/wp-content\/uploads\/2023\/06\/olaplex3.jpeg","width":700,"height":700},{"@type":"BreadcrumbList","@id":"https:\/\/thesweetshop.ma\/?product=olaplex-hair-repair-perfector-n3#breadcrumb","itemListElement":[{"@type":"ListItem","position":1,"name":"Home","item":"https:\/\/thesweetshop.ma\/"},{"@type":"ListItem","position":2,"name":"Shop","item":"https:\/\/thesweetshop.ma\/?page_id=5"},{"@type":"ListItem","position":3,"name":"OLAPLEX HAIR REPAIR PERFECTOR N\u00b03"}]},{"@type":"WebSite","@id":"https:\/\/thesweetshop.ma\/#website","url":"https:\/\/thesweetshop.ma\/","name":"The Sweet Shop","description":"1# Le premier site de maquillage au Maroc","potentialAction":[{"@type":"SearchAction","target":{"@type":"EntryPoint","urlTemplate":"https:\/\/thesweetshop.ma\/?s={search_term_string}"},"query-input":{"@type":"PropertyValueSpecification","valueRequired":true,"valueName":"search_term_string"}}],"inLanguage":"fr-FR"}]}},"jetpack_sharing_enabled":true,"_links":{"self":[{"href":"https:\/\/thesweetshop.ma\/index.php?rest_route=\/wp\/v2\/product\/2657","targetHints":{"allow":["GET"]}}],"collection":[{"href":"https:\/\/thesweetshop.ma\/index.php?rest_route=\/wp\/v2\/product"}],"about":[{"href":"https:\/\/thesweetshop.ma\/index.php?rest_route=\/wp\/v2\/types\/product"}],"replies":[{"embeddable":true,"href":"https:\/\/thesweetshop.ma\/index.php?rest_route=%2Fwp%2Fv2%2Fcomments&post=2657"}],"version-history":[{"count":1,"href":"https:\/\/thesweetshop.ma\/index.php?rest_route=\/wp\/v2\/product\/2657\/revisions"}],"predecessor-version":[{"id":2733,"href":"https:\/\/thesweetshop.ma\/index.php?rest_route=\/wp\/v2\/product\/2657\/revisions\/2733"}],"wp:featuredmedia":[{"embeddable":true,"href":"https:\/\/thesweetshop.ma\/index.php?rest_route=\/wp\/v2\/media\/2732"}],"wp:attachment":[{"href":"https:\/\/thesweetshop.ma\/index.php?rest_route=%2Fwp%2Fv2%2Fmedia&parent=2657"}],"wp:term":[{"taxonomy":"brand","embeddable":true,"href":"https:\/\/thesweetshop.ma\/index.php?rest_route=%2Fwp%2Fv2%2Fetheme_brands&post=2657"},{"taxonomy":"product_brand","embeddable":true,"href":"https:\/\/thesweetshop.ma\/index.php?rest_route=%2Fwp%2Fv2%2Fproduct_brand&post=2657"},{"taxonomy":"product_cat","embeddable":true,"href":"https:\/\/thesweetshop.ma\/index.php?rest_route=%2Fwp%2Fv2%2Fproduct_cat&post=2657"},{"taxonomy":"product_tag","embeddable":true,"href":"https:\/\/thesweetshop.ma\/index.php?rest_route=%2Fwp%2Fv2%2Fproduct_tag&post=2657"}],"curies":[{"name":"wp","href":"https:\/\/api.w.org\/{rel}","templated":true}]}}