{"id":2659,"date":"2023-06-22T14:33:21","date_gmt":"2023-06-22T14:33:21","guid":{"rendered":"https:\/\/thesweetshop.ma\/?post_type=product&#038;p=2659"},"modified":"2024-06-13T04:16:54","modified_gmt":"2024-06-13T04:16:54","slug":"olaplex-bonding-hair-oil-n7","status":"publish","type":"product","link":"https:\/\/thesweetshop.ma\/?product=olaplex-bonding-hair-oil-n7","title":{"rendered":"OLAPLEX BONDING HAIR OIL N\u00b07"},"content":{"rendered":"<p>Une huile coiffante r\u00e9paratrice ultra-l\u00e9g\u00e8re qui augmente la brillance, la douceur et l&rsquo;\u00e9clat de la couleur, tout en minimisant les m\u00e8ches rebelles et en prot\u00e9geant les cheveux contre les dommages caus\u00e9s par la chaleur.<\/p>\n<p><strong>Type de cheveux :<\/strong> droits, ondul\u00e9s, boucl\u00e9s et cr\u00e9pus<\/p>\n<p><strong>Texture des cheveux\u00a0:<\/strong> fins, moyens et \u00e9pais<\/p>\n<p><strong>Avantages pour les cheveux\u00a0:<\/strong> prot\u00e8ge les couleurs, combat les frisottis et offre une protection contre la chaleur<\/p>\n<p><strong>Formulation :<\/strong> Huile<\/p>\n<p><strong>Ingr\u00e9dients mis en avant\u00a0:<\/strong><\/p>\n<p>&#8211; Dimal\u00e9ate de bis-aminopropyl diglycol : Fonctionne en trouvant des liaisons hydrog\u00e8ne soufre simples et en les r\u00e9ticulant pour former des liaisons disulfure ; les liaisons disulfure sont rompues par des processus chimiques, thermiques et m\u00e9caniques, notamment le brossage et le peignage des cheveux; donne aux cheveux une r\u00e9sistance sup\u00e9rieure en r\u00e9parant les liaisons disulfure bris\u00e9es; et propri\u00e9t\u00e9s anti-casse.<\/p>\n<p>&#8211; Huile de p\u00e9pins de Vitis Vinifera (raisin) : Riche en compos\u00e9s anti-\u00e2ge dont le b\u00eata-carot\u00e8ne, les vitamines D, C, E, les acides gras essentiels et les polyph\u00e9nols pour prot\u00e9ger et nourrir les cheveux.<\/p>\n<p>&#8211; Huile de th\u00e9 vert ferment\u00e9 : Nutrition pour les cheveux ; Les soins de la peau cor\u00e9ens utilisent des huiles ferment\u00e9es en raison de leurs avantages sup\u00e9rieurs en mati\u00e8re d&rsquo;absorption et de performance\u00a0; am\u00e9liore la sensation, l&rsquo;absorption et la compatibilit\u00e9.<\/p>\n<p><strong>L\u00e9gendes des ingr\u00e9dients\u00a0:<\/strong> ce produit est v\u00e9g\u00e9talien, sans cruaut\u00e9 et sans gluten.<\/p>\n<p><strong>Ce que vous devez aussi savoir :<\/strong> Olaplex No. 7 r\u00e9pare, renforce et hydrate tous les types de cheveux. Il augmente consid\u00e9rablement la brillance, la douceur et l&rsquo;\u00e9clat des couleurs, tout en minimisant les fuites et la protection contre la chaleur jusqu&rsquo;\u00e0 450\u00b0F\/ 230\u00b0C. Il fonctionne sur tous les types et textures de cheveux.<\/p>\n<p><strong>Utilisation sugg\u00e9r\u00e9e\u00a0:<\/strong><br \/>\n-Pour distribuer\u00a0: retirer le capuchon. Retournez la bouteille et tapotez doucement avec l&rsquo;index sur le fond de la bouteille pour distribuer une goutte dos\u00e9e.<br \/>\n-Appliquer une petite quantit\u00e9 sur les cheveux humides ou secs, coiffer comme d\u00e9sir\u00e9.<br \/>\n-Conseils : Ajouter quelques gouttes au n\u00b0 6 pour une brillance incroyable.<\/p>\n","protected":false},"excerpt":{"rendered":"<p>Une huile coiffante r\u00e9paratrice ultra-l\u00e9g\u00e8re qui augmente la brillance, la douceur et l&rsquo;\u00e9clat de la couleur, tout en minimisant les m\u00e8ches rebelles et en prot\u00e9geant&#8230;<\/p>\n","protected":false},"featured_media":2736,"comment_status":"open","ping_status":"closed","template":"","meta":{"_joinchat":[]},"etheme_brands":[],"product_brand":[],"product_cat":[130,97,123,98,127,154,124,126],"product_tag":[],"class_list":{"0":"post-2659","1":"product","2":"type-product","3":"status-publish","4":"has-post-thumbnail","6":"product_cat-best-seller","7":"product_cat-cheveux","8":"product_cat-etats-unis","9":"product_cat-gel-huile","10":"product_cat-les-meilleurs-produits-de-soins","11":"product_cat-meilleures-offres","12":"product_cat-olaplex","13":"product_cat-traitements","15":"first","16":"instock","17":"sale","18":"shipping-taxable","19":"purchasable","20":"product-type-simple"},"yoast_head":"<!-- This site is optimized with the Yoast SEO plugin v27.4 - https:\/\/yoast.com\/product\/yoast-seo-wordpress\/ -->\n<title>OLAPLEX BONDING HAIR OIL N\u00b07 - Maroc -The Sweet Shop<\/title>\n<meta name=\"robots\" content=\"index, follow, max-snippet:-1, max-image-preview:large, max-video-preview:-1\" \/>\n<link rel=\"canonical\" href=\"https:\/\/thesweetshop.ma\/?product=olaplex-bonding-hair-oil-n7\" \/>\n<meta property=\"og:locale\" content=\"fr_FR\" \/>\n<meta property=\"og:type\" content=\"article\" \/>\n<meta property=\"og:title\" content=\"OLAPLEX BONDING HAIR OIL N\u00b07 - Maroc -The Sweet Shop\" \/>\n<meta property=\"og:description\" content=\"Une huile coiffante r\u00e9paratrice ultra-l\u00e9g\u00e8re qui augmente la brillance, la douceur et l&rsquo;\u00e9clat de la couleur, tout en minimisant les m\u00e8ches rebelles et en prot\u00e9geant...\" \/>\n<meta property=\"og:url\" content=\"https:\/\/thesweetshop.ma\/?product=olaplex-bonding-hair-oil-n7\" \/>\n<meta property=\"og:site_name\" content=\"The Sweet Shop\" \/>\n<meta property=\"article:modified_time\" content=\"2024-06-13T04:16:54+00:00\" \/>\n<meta property=\"og:image\" content=\"https:\/\/thesweetshop.ma\/wp-content\/uploads\/2023\/06\/OLAPLEX7.webp\" \/>\n\t<meta property=\"og:image:width\" content=\"800\" \/>\n\t<meta property=\"og:image:height\" content=\"800\" \/>\n\t<meta property=\"og:image:type\" content=\"image\/webp\" \/>\n<meta name=\"twitter:card\" content=\"summary_large_image\" \/>\n<meta name=\"twitter:label1\" content=\"Dur\u00e9e de lecture estim\u00e9e\" \/>\n\t<meta name=\"twitter:data1\" content=\"2 minutes\" \/>\n<script type=\"application\/ld+json\" class=\"yoast-schema-graph\">{\"@context\":\"https:\\\/\\\/schema.org\",\"@graph\":[{\"@type\":\"WebPage\",\"@id\":\"https:\\\/\\\/thesweetshop.ma\\\/?product=olaplex-bonding-hair-oil-n7\",\"url\":\"https:\\\/\\\/thesweetshop.ma\\\/?product=olaplex-bonding-hair-oil-n7\",\"name\":\"OLAPLEX BONDING HAIR OIL N\u00b07 - Maroc -The Sweet Shop\",\"isPartOf\":{\"@id\":\"https:\\\/\\\/thesweetshop.ma\\\/#website\"},\"primaryImageOfPage\":{\"@id\":\"https:\\\/\\\/thesweetshop.ma\\\/?product=olaplex-bonding-hair-oil-n7#primaryimage\"},\"image\":{\"@id\":\"https:\\\/\\\/thesweetshop.ma\\\/?product=olaplex-bonding-hair-oil-n7#primaryimage\"},\"thumbnailUrl\":\"https:\\\/\\\/thesweetshop.ma\\\/wp-content\\\/uploads\\\/2023\\\/06\\\/OLAPLEX7.webp\",\"datePublished\":\"2023-06-22T14:33:21+00:00\",\"dateModified\":\"2024-06-13T04:16:54+00:00\",\"breadcrumb\":{\"@id\":\"https:\\\/\\\/thesweetshop.ma\\\/?product=olaplex-bonding-hair-oil-n7#breadcrumb\"},\"inLanguage\":\"fr-FR\",\"potentialAction\":[{\"@type\":\"ReadAction\",\"target\":[\"https:\\\/\\\/thesweetshop.ma\\\/?product=olaplex-bonding-hair-oil-n7\"]}]},{\"@type\":\"ImageObject\",\"inLanguage\":\"fr-FR\",\"@id\":\"https:\\\/\\\/thesweetshop.ma\\\/?product=olaplex-bonding-hair-oil-n7#primaryimage\",\"url\":\"https:\\\/\\\/thesweetshop.ma\\\/wp-content\\\/uploads\\\/2023\\\/06\\\/OLAPLEX7.webp\",\"contentUrl\":\"https:\\\/\\\/thesweetshop.ma\\\/wp-content\\\/uploads\\\/2023\\\/06\\\/OLAPLEX7.webp\",\"width\":800,\"height\":800},{\"@type\":\"BreadcrumbList\",\"@id\":\"https:\\\/\\\/thesweetshop.ma\\\/?product=olaplex-bonding-hair-oil-n7#breadcrumb\",\"itemListElement\":[{\"@type\":\"ListItem\",\"position\":1,\"name\":\"Home\",\"item\":\"https:\\\/\\\/thesweetshop.ma\\\/\"},{\"@type\":\"ListItem\",\"position\":2,\"name\":\"Shop\",\"item\":\"https:\\\/\\\/thesweetshop.ma\\\/?page_id=5\"},{\"@type\":\"ListItem\",\"position\":3,\"name\":\"OLAPLEX BONDING HAIR OIL N\u00b07\"}]},{\"@type\":\"WebSite\",\"@id\":\"https:\\\/\\\/thesweetshop.ma\\\/#website\",\"url\":\"https:\\\/\\\/thesweetshop.ma\\\/\",\"name\":\"The Sweet Shop\",\"description\":\"1# Le premier site de maquillage au Maroc\",\"potentialAction\":[{\"@type\":\"SearchAction\",\"target\":{\"@type\":\"EntryPoint\",\"urlTemplate\":\"https:\\\/\\\/thesweetshop.ma\\\/?s={search_term_string}\"},\"query-input\":{\"@type\":\"PropertyValueSpecification\",\"valueRequired\":true,\"valueName\":\"search_term_string\"}}],\"inLanguage\":\"fr-FR\"}]}<\/script>\n<!-- \/ Yoast SEO plugin. -->","yoast_head_json":{"title":"OLAPLEX BONDING HAIR OIL N\u00b07 - Maroc -The Sweet Shop","robots":{"index":"index","follow":"follow","max-snippet":"max-snippet:-1","max-image-preview":"max-image-preview:large","max-video-preview":"max-video-preview:-1"},"canonical":"https:\/\/thesweetshop.ma\/?product=olaplex-bonding-hair-oil-n7","og_locale":"fr_FR","og_type":"article","og_title":"OLAPLEX BONDING HAIR OIL N\u00b07 - Maroc -The Sweet Shop","og_description":"Une huile coiffante r\u00e9paratrice ultra-l\u00e9g\u00e8re qui augmente la brillance, la douceur et l&rsquo;\u00e9clat de la couleur, tout en minimisant les m\u00e8ches rebelles et en prot\u00e9geant...","og_url":"https:\/\/thesweetshop.ma\/?product=olaplex-bonding-hair-oil-n7","og_site_name":"The Sweet Shop","article_modified_time":"2024-06-13T04:16:54+00:00","og_image":[{"width":800,"height":800,"url":"https:\/\/thesweetshop.ma\/wp-content\/uploads\/2023\/06\/OLAPLEX7.webp","type":"image\/webp"}],"twitter_card":"summary_large_image","twitter_misc":{"Dur\u00e9e de lecture estim\u00e9e":"2 minutes"},"schema":{"@context":"https:\/\/schema.org","@graph":[{"@type":"WebPage","@id":"https:\/\/thesweetshop.ma\/?product=olaplex-bonding-hair-oil-n7","url":"https:\/\/thesweetshop.ma\/?product=olaplex-bonding-hair-oil-n7","name":"OLAPLEX BONDING HAIR OIL N\u00b07 - Maroc -The Sweet Shop","isPartOf":{"@id":"https:\/\/thesweetshop.ma\/#website"},"primaryImageOfPage":{"@id":"https:\/\/thesweetshop.ma\/?product=olaplex-bonding-hair-oil-n7#primaryimage"},"image":{"@id":"https:\/\/thesweetshop.ma\/?product=olaplex-bonding-hair-oil-n7#primaryimage"},"thumbnailUrl":"https:\/\/thesweetshop.ma\/wp-content\/uploads\/2023\/06\/OLAPLEX7.webp","datePublished":"2023-06-22T14:33:21+00:00","dateModified":"2024-06-13T04:16:54+00:00","breadcrumb":{"@id":"https:\/\/thesweetshop.ma\/?product=olaplex-bonding-hair-oil-n7#breadcrumb"},"inLanguage":"fr-FR","potentialAction":[{"@type":"ReadAction","target":["https:\/\/thesweetshop.ma\/?product=olaplex-bonding-hair-oil-n7"]}]},{"@type":"ImageObject","inLanguage":"fr-FR","@id":"https:\/\/thesweetshop.ma\/?product=olaplex-bonding-hair-oil-n7#primaryimage","url":"https:\/\/thesweetshop.ma\/wp-content\/uploads\/2023\/06\/OLAPLEX7.webp","contentUrl":"https:\/\/thesweetshop.ma\/wp-content\/uploads\/2023\/06\/OLAPLEX7.webp","width":800,"height":800},{"@type":"BreadcrumbList","@id":"https:\/\/thesweetshop.ma\/?product=olaplex-bonding-hair-oil-n7#breadcrumb","itemListElement":[{"@type":"ListItem","position":1,"name":"Home","item":"https:\/\/thesweetshop.ma\/"},{"@type":"ListItem","position":2,"name":"Shop","item":"https:\/\/thesweetshop.ma\/?page_id=5"},{"@type":"ListItem","position":3,"name":"OLAPLEX BONDING HAIR OIL N\u00b07"}]},{"@type":"WebSite","@id":"https:\/\/thesweetshop.ma\/#website","url":"https:\/\/thesweetshop.ma\/","name":"The Sweet Shop","description":"1# Le premier site de maquillage au Maroc","potentialAction":[{"@type":"SearchAction","target":{"@type":"EntryPoint","urlTemplate":"https:\/\/thesweetshop.ma\/?s={search_term_string}"},"query-input":{"@type":"PropertyValueSpecification","valueRequired":true,"valueName":"search_term_string"}}],"inLanguage":"fr-FR"}]}},"jetpack_sharing_enabled":true,"_links":{"self":[{"href":"https:\/\/thesweetshop.ma\/index.php?rest_route=\/wp\/v2\/product\/2659","targetHints":{"allow":["GET"]}}],"collection":[{"href":"https:\/\/thesweetshop.ma\/index.php?rest_route=\/wp\/v2\/product"}],"about":[{"href":"https:\/\/thesweetshop.ma\/index.php?rest_route=\/wp\/v2\/types\/product"}],"replies":[{"embeddable":true,"href":"https:\/\/thesweetshop.ma\/index.php?rest_route=%2Fwp%2Fv2%2Fcomments&post=2659"}],"version-history":[{"count":1,"href":"https:\/\/thesweetshop.ma\/index.php?rest_route=\/wp\/v2\/product\/2659\/revisions"}],"predecessor-version":[{"id":2737,"href":"https:\/\/thesweetshop.ma\/index.php?rest_route=\/wp\/v2\/product\/2659\/revisions\/2737"}],"wp:featuredmedia":[{"embeddable":true,"href":"https:\/\/thesweetshop.ma\/index.php?rest_route=\/wp\/v2\/media\/2736"}],"wp:attachment":[{"href":"https:\/\/thesweetshop.ma\/index.php?rest_route=%2Fwp%2Fv2%2Fmedia&parent=2659"}],"wp:term":[{"taxonomy":"brand","embeddable":true,"href":"https:\/\/thesweetshop.ma\/index.php?rest_route=%2Fwp%2Fv2%2Fetheme_brands&post=2659"},{"taxonomy":"product_brand","embeddable":true,"href":"https:\/\/thesweetshop.ma\/index.php?rest_route=%2Fwp%2Fv2%2Fproduct_brand&post=2659"},{"taxonomy":"product_cat","embeddable":true,"href":"https:\/\/thesweetshop.ma\/index.php?rest_route=%2Fwp%2Fv2%2Fproduct_cat&post=2659"},{"taxonomy":"product_tag","embeddable":true,"href":"https:\/\/thesweetshop.ma\/index.php?rest_route=%2Fwp%2Fv2%2Fproduct_tag&post=2659"}],"curies":[{"name":"wp","href":"https:\/\/api.w.org\/{rel}","templated":true}]}}