{"id":2660,"date":"2023-06-22T14:33:21","date_gmt":"2023-06-22T14:33:21","guid":{"rendered":"https:\/\/thesweetshop.ma\/?post_type=product&#038;p=2660"},"modified":"2024-06-13T04:16:42","modified_gmt":"2024-06-13T04:16:42","slug":"olaplex-bond-intense-moisture-hair-mask-n8","status":"publish","type":"product","link":"https:\/\/thesweetshop.ma\/?product=olaplex-bond-intense-moisture-hair-mask-n8","title":{"rendered":"OLAPLEX BOND INTENSE MOISTURE HAIR MASK N\u00b08"},"content":{"rendered":"<p>Un masque r\u00e9parateur concentr\u00e9 pour traiter les cheveux secs ou ab\u00eem\u00e9s pour une hydratation l\u00e9g\u00e8re, de la douceur, du corps et de la brillance. Il a \u00e9t\u00e9 prouv\u00e9 qu&rsquo;OLAPLEX Bond Building Technology&#x2122; reliait les liaisons disulfure endommag\u00e9es par les services chimiques, la chaleur et le coiffage.<\/p>\n<p><strong>Type de cheveux :<\/strong> droits, ondul\u00e9s, boucl\u00e9s et cr\u00e9pus<\/p>\n<p><strong>Texture des cheveux\u00a0:<\/strong> fins, moyens et \u00e9pais<\/p>\n<p><strong>Avantages cl\u00e9s:<\/strong><\/p>\n<p>&#8211; 2x la brillance<\/p>\n<p>&#8211; 4x l&rsquo;humidit\u00e9<\/p>\n<p>&#8211; 6x plus lisse<\/p>\n<p><strong>Ingr\u00e9dients mis en avant\u00a0:<\/strong><\/p>\n<p>&#8211; Bis-Aminopropyl Diglycol Dimaleate : Technologie brevet\u00e9e et \u00e9prouv\u00e9e pour r\u00e9parer les liens rompus pour des cheveux plus forts.<\/p>\n<p><strong>L\u00e9gendes des ingr\u00e9dients\u00a0:<\/strong> il est v\u00e9g\u00e9talien et sans cruaut\u00e9.<\/p>\n<p><strong>Ce que vous devez aussi savoir :<\/strong> Il s&rsquo;agit d&rsquo;un masque r\u00e9parateur profond\u00e9ment revitalisant pour les cheveux secs ou ab\u00eem\u00e9s. Il p\u00e9n\u00e8tre les cheveux et scelle les ingr\u00e9dients actifs en lissant la cuticule pour une efficacit\u00e9 durable. Ce masque se rince \u00e9galement pour une hydratation, une douceur, un corps et une brillance en apesanteur qui durent plusieurs lavages et conviennent \u00e0 tous les types de cheveux.<\/p>\n<p><strong>Utilisation sugg\u00e9r\u00e9e\u00a0:<\/strong><br \/>\n-Appliquer sur des cheveux propres et humides, de mi-longueur jusqu&rsquo;aux pointes, et r\u00e9partir avec les doigts.<br \/>\n-Commencez par deux pressions pour les cheveux mi-longs.<br \/>\n-Utiliser plus pour les cheveux plus longs et plus \u00e9pais, moins pour les cheveux fins ou courts.<br \/>\n-Laisser poser 10 minutes.<br \/>\n-Rincer abondamment et coiffer comme d&rsquo;habitude.<br \/>\n-Conseil produit : Pour la r\u00e9paration la plus profonde possible \u00e0 la maison, utiliser avec le n\u00b03 Hair Perfector une fois par semaine ou au besoin.<\/p>\n","protected":false},"excerpt":{"rendered":"<p>Un masque r\u00e9parateur concentr\u00e9 pour traiter les cheveux secs ou ab\u00eem\u00e9s pour une hydratation l\u00e9g\u00e8re, de la douceur, du corps et de la brillance. Il&#8230;<\/p>\n","protected":false},"featured_media":2738,"comment_status":"open","ping_status":"closed","template":"","meta":{"_joinchat":[]},"etheme_brands":[],"product_brand":[],"product_cat":[97,123,127,154,124,105,126],"product_tag":[],"class_list":{"0":"post-2660","1":"product","2":"type-product","3":"status-publish","4":"has-post-thumbnail","6":"product_cat-cheveux","7":"product_cat-etats-unis","8":"product_cat-les-meilleurs-produits-de-soins","9":"product_cat-meilleures-offres","10":"product_cat-olaplex","11":"product_cat-shampooing-et-revitalisant","12":"product_cat-traitements","14":"first","15":"instock","16":"sale","17":"shipping-taxable","18":"purchasable","19":"product-type-simple"},"yoast_head":"<!-- This site is optimized with the Yoast SEO plugin v27.4 - https:\/\/yoast.com\/product\/yoast-seo-wordpress\/ -->\n<title>OLAPLEX BOND INTENSE MOISTURE HAIR MASK N\u00b08 - Maroc - The Sweet Shop<\/title>\n<meta name=\"robots\" content=\"index, follow, max-snippet:-1, max-image-preview:large, max-video-preview:-1\" \/>\n<link rel=\"canonical\" href=\"https:\/\/thesweetshop.ma\/?product=olaplex-bond-intense-moisture-hair-mask-n8\" \/>\n<meta property=\"og:locale\" content=\"fr_FR\" \/>\n<meta property=\"og:type\" content=\"article\" \/>\n<meta property=\"og:title\" content=\"OLAPLEX BOND INTENSE MOISTURE HAIR MASK N\u00b08 - Maroc - The Sweet Shop\" \/>\n<meta property=\"og:description\" content=\"Un masque r\u00e9parateur concentr\u00e9 pour traiter les cheveux secs ou ab\u00eem\u00e9s pour une hydratation l\u00e9g\u00e8re, de la douceur, du corps et de la brillance. Il...\" \/>\n<meta property=\"og:url\" content=\"https:\/\/thesweetshop.ma\/?product=olaplex-bond-intense-moisture-hair-mask-n8\" \/>\n<meta property=\"og:site_name\" content=\"The Sweet Shop\" \/>\n<meta property=\"article:modified_time\" content=\"2024-06-13T04:16:42+00:00\" \/>\n<meta property=\"og:image\" content=\"https:\/\/thesweetshop.ma\/wp-content\/uploads\/2023\/06\/olaplex8.jpeg\" \/>\n\t<meta property=\"og:image:width\" content=\"800\" \/>\n\t<meta property=\"og:image:height\" content=\"800\" \/>\n\t<meta property=\"og:image:type\" content=\"image\/jpeg\" \/>\n<meta name=\"twitter:card\" content=\"summary_large_image\" \/>\n<meta name=\"twitter:label1\" content=\"Dur\u00e9e de lecture estim\u00e9e\" \/>\n\t<meta name=\"twitter:data1\" content=\"1 minute\" \/>\n<script type=\"application\/ld+json\" class=\"yoast-schema-graph\">{\"@context\":\"https:\\\/\\\/schema.org\",\"@graph\":[{\"@type\":\"WebPage\",\"@id\":\"https:\\\/\\\/thesweetshop.ma\\\/?product=olaplex-bond-intense-moisture-hair-mask-n8\",\"url\":\"https:\\\/\\\/thesweetshop.ma\\\/?product=olaplex-bond-intense-moisture-hair-mask-n8\",\"name\":\"OLAPLEX BOND INTENSE MOISTURE HAIR MASK N\u00b08 - Maroc - The Sweet Shop\",\"isPartOf\":{\"@id\":\"https:\\\/\\\/thesweetshop.ma\\\/#website\"},\"primaryImageOfPage\":{\"@id\":\"https:\\\/\\\/thesweetshop.ma\\\/?product=olaplex-bond-intense-moisture-hair-mask-n8#primaryimage\"},\"image\":{\"@id\":\"https:\\\/\\\/thesweetshop.ma\\\/?product=olaplex-bond-intense-moisture-hair-mask-n8#primaryimage\"},\"thumbnailUrl\":\"https:\\\/\\\/thesweetshop.ma\\\/wp-content\\\/uploads\\\/2023\\\/06\\\/olaplex8.jpeg\",\"datePublished\":\"2023-06-22T14:33:21+00:00\",\"dateModified\":\"2024-06-13T04:16:42+00:00\",\"breadcrumb\":{\"@id\":\"https:\\\/\\\/thesweetshop.ma\\\/?product=olaplex-bond-intense-moisture-hair-mask-n8#breadcrumb\"},\"inLanguage\":\"fr-FR\",\"potentialAction\":[{\"@type\":\"ReadAction\",\"target\":[\"https:\\\/\\\/thesweetshop.ma\\\/?product=olaplex-bond-intense-moisture-hair-mask-n8\"]}]},{\"@type\":\"ImageObject\",\"inLanguage\":\"fr-FR\",\"@id\":\"https:\\\/\\\/thesweetshop.ma\\\/?product=olaplex-bond-intense-moisture-hair-mask-n8#primaryimage\",\"url\":\"https:\\\/\\\/thesweetshop.ma\\\/wp-content\\\/uploads\\\/2023\\\/06\\\/olaplex8.jpeg\",\"contentUrl\":\"https:\\\/\\\/thesweetshop.ma\\\/wp-content\\\/uploads\\\/2023\\\/06\\\/olaplex8.jpeg\",\"width\":800,\"height\":800},{\"@type\":\"BreadcrumbList\",\"@id\":\"https:\\\/\\\/thesweetshop.ma\\\/?product=olaplex-bond-intense-moisture-hair-mask-n8#breadcrumb\",\"itemListElement\":[{\"@type\":\"ListItem\",\"position\":1,\"name\":\"Home\",\"item\":\"https:\\\/\\\/thesweetshop.ma\\\/\"},{\"@type\":\"ListItem\",\"position\":2,\"name\":\"Shop\",\"item\":\"https:\\\/\\\/thesweetshop.ma\\\/?page_id=5\"},{\"@type\":\"ListItem\",\"position\":3,\"name\":\"OLAPLEX BOND INTENSE MOISTURE HAIR MASK N\u00b08\"}]},{\"@type\":\"WebSite\",\"@id\":\"https:\\\/\\\/thesweetshop.ma\\\/#website\",\"url\":\"https:\\\/\\\/thesweetshop.ma\\\/\",\"name\":\"The Sweet Shop\",\"description\":\"1# Le premier site de maquillage au Maroc\",\"potentialAction\":[{\"@type\":\"SearchAction\",\"target\":{\"@type\":\"EntryPoint\",\"urlTemplate\":\"https:\\\/\\\/thesweetshop.ma\\\/?s={search_term_string}\"},\"query-input\":{\"@type\":\"PropertyValueSpecification\",\"valueRequired\":true,\"valueName\":\"search_term_string\"}}],\"inLanguage\":\"fr-FR\"}]}<\/script>\n<!-- \/ Yoast SEO plugin. -->","yoast_head_json":{"title":"OLAPLEX BOND INTENSE MOISTURE HAIR MASK N\u00b08 - Maroc - The Sweet Shop","robots":{"index":"index","follow":"follow","max-snippet":"max-snippet:-1","max-image-preview":"max-image-preview:large","max-video-preview":"max-video-preview:-1"},"canonical":"https:\/\/thesweetshop.ma\/?product=olaplex-bond-intense-moisture-hair-mask-n8","og_locale":"fr_FR","og_type":"article","og_title":"OLAPLEX BOND INTENSE MOISTURE HAIR MASK N\u00b08 - Maroc - The Sweet Shop","og_description":"Un masque r\u00e9parateur concentr\u00e9 pour traiter les cheveux secs ou ab\u00eem\u00e9s pour une hydratation l\u00e9g\u00e8re, de la douceur, du corps et de la brillance. Il...","og_url":"https:\/\/thesweetshop.ma\/?product=olaplex-bond-intense-moisture-hair-mask-n8","og_site_name":"The Sweet Shop","article_modified_time":"2024-06-13T04:16:42+00:00","og_image":[{"width":800,"height":800,"url":"https:\/\/thesweetshop.ma\/wp-content\/uploads\/2023\/06\/olaplex8.jpeg","type":"image\/jpeg"}],"twitter_card":"summary_large_image","twitter_misc":{"Dur\u00e9e de lecture estim\u00e9e":"1 minute"},"schema":{"@context":"https:\/\/schema.org","@graph":[{"@type":"WebPage","@id":"https:\/\/thesweetshop.ma\/?product=olaplex-bond-intense-moisture-hair-mask-n8","url":"https:\/\/thesweetshop.ma\/?product=olaplex-bond-intense-moisture-hair-mask-n8","name":"OLAPLEX BOND INTENSE MOISTURE HAIR MASK N\u00b08 - Maroc - The Sweet Shop","isPartOf":{"@id":"https:\/\/thesweetshop.ma\/#website"},"primaryImageOfPage":{"@id":"https:\/\/thesweetshop.ma\/?product=olaplex-bond-intense-moisture-hair-mask-n8#primaryimage"},"image":{"@id":"https:\/\/thesweetshop.ma\/?product=olaplex-bond-intense-moisture-hair-mask-n8#primaryimage"},"thumbnailUrl":"https:\/\/thesweetshop.ma\/wp-content\/uploads\/2023\/06\/olaplex8.jpeg","datePublished":"2023-06-22T14:33:21+00:00","dateModified":"2024-06-13T04:16:42+00:00","breadcrumb":{"@id":"https:\/\/thesweetshop.ma\/?product=olaplex-bond-intense-moisture-hair-mask-n8#breadcrumb"},"inLanguage":"fr-FR","potentialAction":[{"@type":"ReadAction","target":["https:\/\/thesweetshop.ma\/?product=olaplex-bond-intense-moisture-hair-mask-n8"]}]},{"@type":"ImageObject","inLanguage":"fr-FR","@id":"https:\/\/thesweetshop.ma\/?product=olaplex-bond-intense-moisture-hair-mask-n8#primaryimage","url":"https:\/\/thesweetshop.ma\/wp-content\/uploads\/2023\/06\/olaplex8.jpeg","contentUrl":"https:\/\/thesweetshop.ma\/wp-content\/uploads\/2023\/06\/olaplex8.jpeg","width":800,"height":800},{"@type":"BreadcrumbList","@id":"https:\/\/thesweetshop.ma\/?product=olaplex-bond-intense-moisture-hair-mask-n8#breadcrumb","itemListElement":[{"@type":"ListItem","position":1,"name":"Home","item":"https:\/\/thesweetshop.ma\/"},{"@type":"ListItem","position":2,"name":"Shop","item":"https:\/\/thesweetshop.ma\/?page_id=5"},{"@type":"ListItem","position":3,"name":"OLAPLEX BOND INTENSE MOISTURE HAIR MASK N\u00b08"}]},{"@type":"WebSite","@id":"https:\/\/thesweetshop.ma\/#website","url":"https:\/\/thesweetshop.ma\/","name":"The Sweet Shop","description":"1# Le premier site de maquillage au Maroc","potentialAction":[{"@type":"SearchAction","target":{"@type":"EntryPoint","urlTemplate":"https:\/\/thesweetshop.ma\/?s={search_term_string}"},"query-input":{"@type":"PropertyValueSpecification","valueRequired":true,"valueName":"search_term_string"}}],"inLanguage":"fr-FR"}]}},"jetpack_sharing_enabled":true,"_links":{"self":[{"href":"https:\/\/thesweetshop.ma\/index.php?rest_route=\/wp\/v2\/product\/2660","targetHints":{"allow":["GET"]}}],"collection":[{"href":"https:\/\/thesweetshop.ma\/index.php?rest_route=\/wp\/v2\/product"}],"about":[{"href":"https:\/\/thesweetshop.ma\/index.php?rest_route=\/wp\/v2\/types\/product"}],"replies":[{"embeddable":true,"href":"https:\/\/thesweetshop.ma\/index.php?rest_route=%2Fwp%2Fv2%2Fcomments&post=2660"}],"version-history":[{"count":1,"href":"https:\/\/thesweetshop.ma\/index.php?rest_route=\/wp\/v2\/product\/2660\/revisions"}],"predecessor-version":[{"id":2739,"href":"https:\/\/thesweetshop.ma\/index.php?rest_route=\/wp\/v2\/product\/2660\/revisions\/2739"}],"wp:featuredmedia":[{"embeddable":true,"href":"https:\/\/thesweetshop.ma\/index.php?rest_route=\/wp\/v2\/media\/2738"}],"wp:attachment":[{"href":"https:\/\/thesweetshop.ma\/index.php?rest_route=%2Fwp%2Fv2%2Fmedia&parent=2660"}],"wp:term":[{"taxonomy":"brand","embeddable":true,"href":"https:\/\/thesweetshop.ma\/index.php?rest_route=%2Fwp%2Fv2%2Fetheme_brands&post=2660"},{"taxonomy":"product_brand","embeddable":true,"href":"https:\/\/thesweetshop.ma\/index.php?rest_route=%2Fwp%2Fv2%2Fproduct_brand&post=2660"},{"taxonomy":"product_cat","embeddable":true,"href":"https:\/\/thesweetshop.ma\/index.php?rest_route=%2Fwp%2Fv2%2Fproduct_cat&post=2660"},{"taxonomy":"product_tag","embeddable":true,"href":"https:\/\/thesweetshop.ma\/index.php?rest_route=%2Fwp%2Fv2%2Fproduct_tag&post=2660"}],"curies":[{"name":"wp","href":"https:\/\/api.w.org\/{rel}","templated":true}]}}