{"id":3299,"date":"2024-11-22T05:18:36","date_gmt":"2024-11-22T05:18:36","guid":{"rendered":"https:\/\/thesweetshop.ma\/?post_type=product&#038;p=3299"},"modified":"2024-11-22T05:18:36","modified_gmt":"2024-11-22T05:18:36","slug":"midollo-di-bamboo-shampooing-hydratant-1l-imperity-infoorganic","status":"publish","type":"product","link":"https:\/\/thesweetshop.ma\/?product=midollo-di-bamboo-shampooing-hydratant-1l-imperity-infoorganic","title":{"rendered":"MIDOLLO DI BAMBOO SHAMPOOING HYDRATANT 1L IMPERITY INFOORGANIC"},"content":{"rendered":"<p>Shampoing hydratant pour tous types de cheveux, m\u00eame pour un usage quotidien. Shampoing doux \u00e0 l\u2019extrait de bambou, aloe vera, lait d\u2019orchid\u00e9e, huile de graines de chia, th\u00e9 vert. Gr\u00e2ce \u00e0 ses ingr\u00e9dients, il hydrate en profondeur, nourrit et rend les cheveux brillants.<\/p>\n<p>Un formule exempte de sulfates, silicone, colorant, vaseline. Cruelty-free et v\u00e9gane.<\/p>\n<p>Pour utiliser : hydrater les cheveux, laver les cheveux deux fois avec du shampoing, rincer abondamment.<\/p>\n<p>&nbsp;<\/p>\n","protected":false},"excerpt":{"rendered":"<p>Shampoing hydratant pour tous types de cheveux, m\u00eame pour un usage quotidien. Shampoing doux \u00e0 l\u2019extrait de bambou, aloe vera, lait d\u2019orchid\u00e9e, huile de graines&#8230;<\/p>\n","protected":false},"featured_media":3301,"comment_status":"open","ping_status":"closed","template":"","meta":{"_joinchat":[]},"etheme_brands":[],"product_brand":[],"product_cat":[97,117,100,105],"product_tag":[],"class_list":{"0":"post-3299","1":"product","2":"type-product","3":"status-publish","4":"has-post-thumbnail","6":"product_cat-cheveux","7":"product_cat-imperity","8":"product_cat-italie","9":"product_cat-shampooing-et-revitalisant","11":"first","12":"instock","13":"sale","14":"shipping-taxable","15":"purchasable","16":"product-type-simple"},"yoast_head":"<!-- This site is optimized with the Yoast SEO plugin v27.4 - https:\/\/yoast.com\/product\/yoast-seo-wordpress\/ -->\n<title>MIDOLLO DI BAMBOO SHAMPOOING HYDRATANT 1L IMPERITY INFOORGANIC -Maroc - The Sweet Shop<\/title>\n<meta name=\"robots\" content=\"index, follow, max-snippet:-1, max-image-preview:large, max-video-preview:-1\" \/>\n<link rel=\"canonical\" href=\"https:\/\/thesweetshop.ma\/?product=midollo-di-bamboo-shampooing-hydratant-1l-imperity-infoorganic\" \/>\n<meta property=\"og:locale\" content=\"fr_FR\" \/>\n<meta property=\"og:type\" content=\"article\" \/>\n<meta property=\"og:title\" content=\"MIDOLLO DI BAMBOO SHAMPOOING HYDRATANT 1L IMPERITY INFOORGANIC -Maroc - The Sweet Shop\" \/>\n<meta property=\"og:description\" content=\"Shampoing hydratant pour tous types de cheveux, m\u00eame pour un usage quotidien. Shampoing doux \u00e0 l\u2019extrait de bambou, aloe vera, lait d\u2019orchid\u00e9e, huile de graines...\" \/>\n<meta property=\"og:url\" content=\"https:\/\/thesweetshop.ma\/?product=midollo-di-bamboo-shampooing-hydratant-1l-imperity-infoorganic\" \/>\n<meta property=\"og:site_name\" content=\"The Sweet Shop\" \/>\n<meta property=\"og:image\" content=\"https:\/\/thesweetshop.ma\/wp-content\/uploads\/2024\/11\/13848.jpeg\" \/>\n\t<meta property=\"og:image:width\" content=\"450\" \/>\n\t<meta property=\"og:image:height\" content=\"450\" \/>\n\t<meta property=\"og:image:type\" content=\"image\/jpeg\" \/>\n<meta name=\"twitter:card\" content=\"summary_large_image\" \/>\n<meta name=\"twitter:label1\" content=\"Dur\u00e9e de lecture estim\u00e9e\" \/>\n\t<meta name=\"twitter:data1\" content=\"1 minute\" \/>\n<script type=\"application\/ld+json\" class=\"yoast-schema-graph\">{\"@context\":\"https:\\\/\\\/schema.org\",\"@graph\":[{\"@type\":\"WebPage\",\"@id\":\"https:\\\/\\\/thesweetshop.ma\\\/?product=midollo-di-bamboo-shampooing-hydratant-1l-imperity-infoorganic\",\"url\":\"https:\\\/\\\/thesweetshop.ma\\\/?product=midollo-di-bamboo-shampooing-hydratant-1l-imperity-infoorganic\",\"name\":\"MIDOLLO DI BAMBOO SHAMPOOING HYDRATANT 1L IMPERITY INFOORGANIC -Maroc - The Sweet Shop\",\"isPartOf\":{\"@id\":\"https:\\\/\\\/thesweetshop.ma\\\/#website\"},\"primaryImageOfPage\":{\"@id\":\"https:\\\/\\\/thesweetshop.ma\\\/?product=midollo-di-bamboo-shampooing-hydratant-1l-imperity-infoorganic#primaryimage\"},\"image\":{\"@id\":\"https:\\\/\\\/thesweetshop.ma\\\/?product=midollo-di-bamboo-shampooing-hydratant-1l-imperity-infoorganic#primaryimage\"},\"thumbnailUrl\":\"https:\\\/\\\/thesweetshop.ma\\\/wp-content\\\/uploads\\\/2024\\\/11\\\/13848.jpeg\",\"datePublished\":\"2024-11-22T05:18:36+00:00\",\"breadcrumb\":{\"@id\":\"https:\\\/\\\/thesweetshop.ma\\\/?product=midollo-di-bamboo-shampooing-hydratant-1l-imperity-infoorganic#breadcrumb\"},\"inLanguage\":\"fr-FR\",\"potentialAction\":[{\"@type\":\"ReadAction\",\"target\":[\"https:\\\/\\\/thesweetshop.ma\\\/?product=midollo-di-bamboo-shampooing-hydratant-1l-imperity-infoorganic\"]}]},{\"@type\":\"ImageObject\",\"inLanguage\":\"fr-FR\",\"@id\":\"https:\\\/\\\/thesweetshop.ma\\\/?product=midollo-di-bamboo-shampooing-hydratant-1l-imperity-infoorganic#primaryimage\",\"url\":\"https:\\\/\\\/thesweetshop.ma\\\/wp-content\\\/uploads\\\/2024\\\/11\\\/13848.jpeg\",\"contentUrl\":\"https:\\\/\\\/thesweetshop.ma\\\/wp-content\\\/uploads\\\/2024\\\/11\\\/13848.jpeg\",\"width\":450,\"height\":450},{\"@type\":\"BreadcrumbList\",\"@id\":\"https:\\\/\\\/thesweetshop.ma\\\/?product=midollo-di-bamboo-shampooing-hydratant-1l-imperity-infoorganic#breadcrumb\",\"itemListElement\":[{\"@type\":\"ListItem\",\"position\":1,\"name\":\"Home\",\"item\":\"https:\\\/\\\/thesweetshop.ma\\\/\"},{\"@type\":\"ListItem\",\"position\":2,\"name\":\"Shop\",\"item\":\"https:\\\/\\\/thesweetshop.ma\\\/?page_id=5\"},{\"@type\":\"ListItem\",\"position\":3,\"name\":\"MIDOLLO DI BAMBOO SHAMPOOING HYDRATANT 1L IMPERITY INFOORGANIC\"}]},{\"@type\":\"WebSite\",\"@id\":\"https:\\\/\\\/thesweetshop.ma\\\/#website\",\"url\":\"https:\\\/\\\/thesweetshop.ma\\\/\",\"name\":\"The Sweet Shop\",\"description\":\"1# Le premier site de maquillage au Maroc\",\"potentialAction\":[{\"@type\":\"SearchAction\",\"target\":{\"@type\":\"EntryPoint\",\"urlTemplate\":\"https:\\\/\\\/thesweetshop.ma\\\/?s={search_term_string}\"},\"query-input\":{\"@type\":\"PropertyValueSpecification\",\"valueRequired\":true,\"valueName\":\"search_term_string\"}}],\"inLanguage\":\"fr-FR\"}]}<\/script>\n<!-- \/ Yoast SEO plugin. -->","yoast_head_json":{"title":"MIDOLLO DI BAMBOO SHAMPOOING HYDRATANT 1L IMPERITY INFOORGANIC -Maroc - The Sweet Shop","robots":{"index":"index","follow":"follow","max-snippet":"max-snippet:-1","max-image-preview":"max-image-preview:large","max-video-preview":"max-video-preview:-1"},"canonical":"https:\/\/thesweetshop.ma\/?product=midollo-di-bamboo-shampooing-hydratant-1l-imperity-infoorganic","og_locale":"fr_FR","og_type":"article","og_title":"MIDOLLO DI BAMBOO SHAMPOOING HYDRATANT 1L IMPERITY INFOORGANIC -Maroc - The Sweet Shop","og_description":"Shampoing hydratant pour tous types de cheveux, m\u00eame pour un usage quotidien. Shampoing doux \u00e0 l\u2019extrait de bambou, aloe vera, lait d\u2019orchid\u00e9e, huile de graines...","og_url":"https:\/\/thesweetshop.ma\/?product=midollo-di-bamboo-shampooing-hydratant-1l-imperity-infoorganic","og_site_name":"The Sweet Shop","og_image":[{"width":450,"height":450,"url":"https:\/\/thesweetshop.ma\/wp-content\/uploads\/2024\/11\/13848.jpeg","type":"image\/jpeg"}],"twitter_card":"summary_large_image","twitter_misc":{"Dur\u00e9e de lecture estim\u00e9e":"1 minute"},"schema":{"@context":"https:\/\/schema.org","@graph":[{"@type":"WebPage","@id":"https:\/\/thesweetshop.ma\/?product=midollo-di-bamboo-shampooing-hydratant-1l-imperity-infoorganic","url":"https:\/\/thesweetshop.ma\/?product=midollo-di-bamboo-shampooing-hydratant-1l-imperity-infoorganic","name":"MIDOLLO DI BAMBOO SHAMPOOING HYDRATANT 1L IMPERITY INFOORGANIC -Maroc - The Sweet Shop","isPartOf":{"@id":"https:\/\/thesweetshop.ma\/#website"},"primaryImageOfPage":{"@id":"https:\/\/thesweetshop.ma\/?product=midollo-di-bamboo-shampooing-hydratant-1l-imperity-infoorganic#primaryimage"},"image":{"@id":"https:\/\/thesweetshop.ma\/?product=midollo-di-bamboo-shampooing-hydratant-1l-imperity-infoorganic#primaryimage"},"thumbnailUrl":"https:\/\/thesweetshop.ma\/wp-content\/uploads\/2024\/11\/13848.jpeg","datePublished":"2024-11-22T05:18:36+00:00","breadcrumb":{"@id":"https:\/\/thesweetshop.ma\/?product=midollo-di-bamboo-shampooing-hydratant-1l-imperity-infoorganic#breadcrumb"},"inLanguage":"fr-FR","potentialAction":[{"@type":"ReadAction","target":["https:\/\/thesweetshop.ma\/?product=midollo-di-bamboo-shampooing-hydratant-1l-imperity-infoorganic"]}]},{"@type":"ImageObject","inLanguage":"fr-FR","@id":"https:\/\/thesweetshop.ma\/?product=midollo-di-bamboo-shampooing-hydratant-1l-imperity-infoorganic#primaryimage","url":"https:\/\/thesweetshop.ma\/wp-content\/uploads\/2024\/11\/13848.jpeg","contentUrl":"https:\/\/thesweetshop.ma\/wp-content\/uploads\/2024\/11\/13848.jpeg","width":450,"height":450},{"@type":"BreadcrumbList","@id":"https:\/\/thesweetshop.ma\/?product=midollo-di-bamboo-shampooing-hydratant-1l-imperity-infoorganic#breadcrumb","itemListElement":[{"@type":"ListItem","position":1,"name":"Home","item":"https:\/\/thesweetshop.ma\/"},{"@type":"ListItem","position":2,"name":"Shop","item":"https:\/\/thesweetshop.ma\/?page_id=5"},{"@type":"ListItem","position":3,"name":"MIDOLLO DI BAMBOO SHAMPOOING HYDRATANT 1L IMPERITY INFOORGANIC"}]},{"@type":"WebSite","@id":"https:\/\/thesweetshop.ma\/#website","url":"https:\/\/thesweetshop.ma\/","name":"The Sweet Shop","description":"1# Le premier site de maquillage au Maroc","potentialAction":[{"@type":"SearchAction","target":{"@type":"EntryPoint","urlTemplate":"https:\/\/thesweetshop.ma\/?s={search_term_string}"},"query-input":{"@type":"PropertyValueSpecification","valueRequired":true,"valueName":"search_term_string"}}],"inLanguage":"fr-FR"}]}},"jetpack_sharing_enabled":true,"_links":{"self":[{"href":"https:\/\/thesweetshop.ma\/index.php?rest_route=\/wp\/v2\/product\/3299","targetHints":{"allow":["GET"]}}],"collection":[{"href":"https:\/\/thesweetshop.ma\/index.php?rest_route=\/wp\/v2\/product"}],"about":[{"href":"https:\/\/thesweetshop.ma\/index.php?rest_route=\/wp\/v2\/types\/product"}],"replies":[{"embeddable":true,"href":"https:\/\/thesweetshop.ma\/index.php?rest_route=%2Fwp%2Fv2%2Fcomments&post=3299"}],"version-history":[{"count":1,"href":"https:\/\/thesweetshop.ma\/index.php?rest_route=\/wp\/v2\/product\/3299\/revisions"}],"predecessor-version":[{"id":3302,"href":"https:\/\/thesweetshop.ma\/index.php?rest_route=\/wp\/v2\/product\/3299\/revisions\/3302"}],"wp:featuredmedia":[{"embeddable":true,"href":"https:\/\/thesweetshop.ma\/index.php?rest_route=\/wp\/v2\/media\/3301"}],"wp:attachment":[{"href":"https:\/\/thesweetshop.ma\/index.php?rest_route=%2Fwp%2Fv2%2Fmedia&parent=3299"}],"wp:term":[{"taxonomy":"brand","embeddable":true,"href":"https:\/\/thesweetshop.ma\/index.php?rest_route=%2Fwp%2Fv2%2Fetheme_brands&post=3299"},{"taxonomy":"product_brand","embeddable":true,"href":"https:\/\/thesweetshop.ma\/index.php?rest_route=%2Fwp%2Fv2%2Fproduct_brand&post=3299"},{"taxonomy":"product_cat","embeddable":true,"href":"https:\/\/thesweetshop.ma\/index.php?rest_route=%2Fwp%2Fv2%2Fproduct_cat&post=3299"},{"taxonomy":"product_tag","embeddable":true,"href":"https:\/\/thesweetshop.ma\/index.php?rest_route=%2Fwp%2Fv2%2Fproduct_tag&post=3299"}],"curies":[{"name":"wp","href":"https:\/\/api.w.org\/{rel}","templated":true}]}}